{"id":123135,"date":"2025-07-03T07:42:50","date_gmt":"2025-07-03T05:42:50","guid":{"rendered":"https:\/\/www.greenpeace.ch\/?post_type=gpch_event&#038;p=123135"},"modified":"2025-07-04T13:20:01","modified_gmt":"2025-07-04T11:20:01","slug":"protestiere-mit-uns-fuer-eine-plastikfreie-zukunft","status":"publish","type":"gpch_event","link":"https:\/\/www.greenpeace.ch\/de\/event\/protestiere-mit-uns-fuer-eine-plastikfreie-zukunft\/","title":{"rendered":"Protestiere mit uns f\u00fcr eine plastikfreie Zukunft"},"content":{"rendered":"\n<p>Diesen August bietet sich <strong>die einmalige Gelegenheit<\/strong>, das Plastikzeitalter zu beenden. Vom 5. bis 14. August 2025 finden die Verhandlungen \u00fcber ein internationales Plastikabkommen in Genf statt. Regierungschef:innen aus aller Welt treffen sich, um \u00fcber ein Abkommen zu verhandeln, welches das Problem der Plastikkrise angeht. Lobbyisten im Dienste der&nbsp; \u00d6lkonzerne halten diesen Prozess auf. Sie versuchen alles, um ein starkes Abkommen zu verhindern. Sie haben Angst um ihre Profite, denn Plastik wird aus \u00d6l produziert. Aber unsere Gesundheit und die Zukunft unseres Planeten ist nicht k\u00e4uflich!&nbsp;<\/p>\n\n<p>Deshalb protestieren wir f\u00fcr ein ambitioniertes Abkommen: ein Plastikabkommen, das mindestens 75% der Plastikproduktion bis 2040 reduziert. Sei auch dabei!<\/p>\n\n<p>Wir treffen uns am <strong>4. August um 16 Uhr beim Palais des Nations in Genf<\/strong> (<a href=\"https:\/\/www.google.com\/maps\/place\/Place+des+Nations\/@46.222229,6.1326167,16.42z\/data=!4m10!1m2!2m1!1splace+des+nations!3m6!1s0x478c652183125655:0x12250e200c671a90!8m2!3d46.222465!4d6.1388791!15sChFwbGFjZSBkZXMgbmF0aW9uc1oTIhFwbGFjZSBkZXMgbmF0aW9uc5IBEnRvdXJpc3RfYXR0cmFjdGlvbpoBI0NoWkRTVWhOTUc5blMwVkpRMEZuU1VOc1p6WmZWa3hCRUFFqgE5EAEyHhABIhoEfvJEbpSR8_Ey8IiCV_HKdDLBd5VUJFEezTIVEAIiEXBsYWNlIGRlcyBuYXRpb25z4AEA-gEECGoQHA!16s%2Fg%2F11sm6yjrfl?entry=ttu&amp;g_ep=EgoyMDI1MDYyMy4yIKXMDSoASAFQAw%3D%3D\">Link zu Google Maps<\/a>). Bitte trage ein rotes oder oranges Oberteil, ohne Logo oder Slogan, danke!<\/p>\n\n<p><\/p>\n","protected":false},"excerpt":{"rendered":"<p>Protestiere mit uns f\u00fcr eine plastikfreie Zukunft<\/p>\n","protected":false},"author":50,"featured_media":123157,"template":"","meta":{"_acf_changed":false,"_planet4_optimize_post_is_variant":false,"_planet4_optimize_experiment_name":"","_planet4_optimize_variant_name":"","ep_exclude_from_search":false,"footnotes":""},"tags":[],"class_list":["post-123135","gpch_event","type-gpch_event","status-publish","has-post-thumbnail","hentry"],"acf":[],"_links":{"self":[{"href":"https:\/\/www.greenpeace.ch\/de\/wp-json\/wp\/v2\/gpch_event\/123135","targetHints":{"allow":["GET"]}}],"collection":[{"href":"https:\/\/www.greenpeace.ch\/de\/wp-json\/wp\/v2\/gpch_event"}],"about":[{"href":"https:\/\/www.greenpeace.ch\/de\/wp-json\/wp\/v2\/types\/gpch_event"}],"author":[{"embeddable":true,"href":"https:\/\/www.greenpeace.ch\/de\/wp-json\/wp\/v2\/users\/50"}],"version-history":[{"count":5,"href":"https:\/\/www.greenpeace.ch\/de\/wp-json\/wp\/v2\/gpch_event\/123135\/revisions"}],"predecessor-version":[{"id":123245,"href":"https:\/\/www.greenpeace.ch\/de\/wp-json\/wp\/v2\/gpch_event\/123135\/revisions\/123245"}],"wp:featuredmedia":[{"embeddable":true,"href":"https:\/\/www.greenpeace.ch\/de\/wp-json\/wp\/v2\/media\/123157"}],"wp:attachment":[{"href":"https:\/\/www.greenpeace.ch\/de\/wp-json\/wp\/v2\/media?parent=123135"}],"wp:term":[{"taxonomy":"post_tag","embeddable":true,"href":"https:\/\/www.greenpeace.ch\/de\/wp-json\/wp\/v2\/tags?post=123135"}],"curies":[{"name":"wp","href":"https:\/\/api.w.org\/{rel}","templated":true}]}}

Protestiere mit uns für eine plastikfreie Zukunft

<p>Diesen August bietet sich <strong>die einmalige Gelegenheit</strong>, das Plastikzeitalter zu beenden. Vom 5. bis 14. August 2025 finden die Verhandlungen über ein internationales Plastikabkommen in Genf statt. Regierungschef:innen aus aller Welt treffen sich, um über ein Abkommen zu verhandeln, welches das Problem der Plastikkrise angeht. Lobbyisten im Dienste der&nbsp; Ölkonzerne halten diesen Prozess auf. Sie versuchen alles, um ein starkes Abkommen zu verhindern. Sie haben Angst um ihre Profite, denn Plastik wird aus Öl produziert. Aber unsere Gesundheit und die Zukunft unseres Planeten ist nicht käuflich!&nbsp;</p>

<p>Deshalb protestieren wir für ein ambitioniertes Abkommen: ein Plastikabkommen, das mindestens 75% der Plastikproduktion bis 2040 reduziert. Sei auch dabei!</p>

<p>Wir treffen uns am <strong>4. August um 16 Uhr beim Palais des Nations in Genf</strong> (<a href="https://www.google.com/maps/place/Place+des+Nations/@46.222229,6.1326167,16.42z/data=!4m10!1m2!2m1!1splace+des+nations!3m6!1s0x478c652183125655:0x12250e200c671a90!8m2!3d46.222465!4d6.1388791!15sChFwbGFjZSBkZXMgbmF0aW9uc1oTIhFwbGFjZSBkZXMgbmF0aW9uc5IBEnRvdXJpc3RfYXR0cmFjdGlvbpoBI0NoWkRTVWhOTUc5blMwVkpRMEZuU1VOc1p6WmZWa3hCRUFFqgE5EAEyHhABIhoEfvJEbpSR8_Ey8IiCV_HKdDLBd5VUJFEezTIVEAIiEXBsYWNlIGRlcyBuYXRpb25z4AEA-gEECGoQHA!16s%2Fg%2F11sm6yjrfl?entry=ttu&amp;g_ep=EgoyMDI1MDYyMy4yIKXMDSoASAFQAw%3D%3D">Link zu Google Maps</a>). Bitte trage ein rotes oder oranges Oberteil, ohne Logo oder Slogan, danke!</p>

<p></p>

<p>Protestiere mit uns für eine plastikfreie Zukunft</p>
