{"id":125209,"date":"2025-09-08T12:37:19","date_gmt":"2025-09-08T10:37:19","guid":{"rendered":"https:\/\/www.greenpeace.ch\/?post_type=gpch_event&#038;p=125209"},"modified":"2025-09-08T12:37:23","modified_gmt":"2025-09-08T10:37:23","slug":"die-roadshow-mit-dem-atommuellfass-macht-halt-in-langenthal","status":"publish","type":"gpch_event","link":"https:\/\/www.greenpeace.ch\/de\/event\/die-roadshow-mit-dem-atommuellfass-macht-halt-in-langenthal\/","title":{"rendered":"Die Roadshow mit dem Atomm\u00fcllfass macht Halt in Langenthal"},"content":{"rendered":"\n<div class=\"wp-block-columns is-layout-flex wp-container-core-columns-is-layout-9d6595d7 wp-block-columns-is-layout-flex\">\n<div class=\"wp-block-column is-layout-flow wp-block-column-is-layout-flow\">\n<p>Wir touren mit einem \u00fcberdimensionalen Atomm\u00fcllfass durch die Schweiz. <strong>Dabei schaffen wir einen \u00abRaum f\u00fcr Heimat\u00bb und verwandeln das Atomfass in ein Symbol der Energiewende ohne Atomstrom.\u00a0<\/strong><\/p>\n\n\n\n<p>Komm auch vorbei und sei Teil der Bewegung: Formuliere deine W\u00fcnsche und h\u00e4nge sie im Fass auf. Informiere dich \u00fcber Wasserkraft, Solarenergie und Windkraft \u2013 und erlebe&nbsp;<strong>Begegnungen, Kunst und Engagement<\/strong>&nbsp;f\u00fcr die Zukunft.<\/p>\n<\/div>\n\n\n\n<div class=\"wp-block-column is-layout-flow wp-block-column-is-layout-flow\">\n<figure class=\"wp-block-image size-large is-resized\"><img loading=\"lazy\" decoding=\"async\" width=\"1024\" height=\"768\" src=\"https:\/\/www.greenpeace.ch\/static\/planet4-switzerland-stateless\/2025\/08\/e0480c8e-p1045451c2-1024x768.jpg\" alt=\"\" class=\"wp-image-124783\" style=\"width:465px;height:auto\" srcset=\"https:\/\/www.greenpeace.ch\/static\/planet4-switzerland-stateless\/2025\/08\/e0480c8e-p1045451c2-1024x768.jpg 1024w, https:\/\/www.greenpeace.ch\/static\/planet4-switzerland-stateless\/2025\/08\/e0480c8e-p1045451c2-300x225.jpg 300w, https:\/\/www.greenpeace.ch\/static\/planet4-switzerland-stateless\/2025\/08\/e0480c8e-p1045451c2-768x576.jpg 768w, https:\/\/www.greenpeace.ch\/static\/planet4-switzerland-stateless\/2025\/08\/e0480c8e-p1045451c2-1536x1152.jpg 1536w, https:\/\/www.greenpeace.ch\/static\/planet4-switzerland-stateless\/2025\/08\/e0480c8e-p1045451c2-2048x1536.jpg 2048w, https:\/\/www.greenpeace.ch\/static\/planet4-switzerland-stateless\/2025\/08\/e0480c8e-p1045451c2-1821x1366.jpg 1821w, https:\/\/www.greenpeace.ch\/static\/planet4-switzerland-stateless\/2025\/08\/e0480c8e-p1045451c2-453x340.jpg 453w\" sizes=\"auto, (max-width: 1024px) 100vw, 1024px\" \/><\/figure>\n<\/div>\n<\/div>\n\n<p><\/p>\n\n<p><strong><span style=\"text-decoration: underline;\">Programm in Langenthal<\/span><\/strong><\/p>\n\n<ul class=\"wp-block-list\">\n<li>Von <strong>9 bis 17 Uhr<\/strong> erwarten euch kreative <strong>Aktionen f\u00fcr Gross und Klein<\/strong>, das legend\u00e4re <strong>Atom-Quiz<\/strong> und vieles mehr.<\/li>\n\n\n\n<li>Ab\u00a0<strong>9 Uhr<\/strong>\u00a0verwandelt die\u00a0<strong>Illustrator <a href=\"https:\/\/drue-egg.com\/about\/\" target=\"_blank\" rel=\"noreferrer noopener\">Dominik R\u00fcegg<\/a> <\/strong>das Atomfass in ein Symbol der Energiewende ohne Atomstrom.<\/li>\n\n\n\n<li>Um <strong>10 Uhr<\/strong> sprechen <strong><a href=\"https:\/\/www.instagram.com\/magdalenaerni_\" target=\"_blank\" rel=\"noreferrer noopener\">Magdalena Erni<\/a><\/strong>, Co-Pr\u00e4sidentin Junge Gr\u00fcne Schweiz und <strong><a href=\"https:\/\/www.valeriomoser.ch\/\" target=\"_blank\" rel=\"noreferrer noopener\">Valerio Moser<\/a><\/strong>, Spoken Word Artist<\/li>\n<\/ul>\n\n<p>Weitere Informationen auf <a href=\"http:\/\/www.heimatenergien.ch\">www.heimatenergien.ch<\/a><\/p>\n<div aria-hidden=\"true\" class=\"gpch-block-spacer\"><\/div>","protected":false},"excerpt":{"rendered":"<p>Wir laden dich herzlich zur Oberen Marktgasse in Langenthal ein. Gemeinsam verwandeln wir ein \u00fcberdimensionales Atomm\u00fcllfass in ein Symbol der Energiewende ohne Atomstrom.<\/p>\n","protected":false},"author":48,"featured_media":125210,"template":"","meta":{"_acf_changed":false,"_planet4_optimize_post_is_variant":false,"_planet4_optimize_experiment_name":"","_planet4_optimize_variant_name":"","ep_exclude_from_search":false,"footnotes":""},"tags":[],"class_list":["post-125209","gpch_event","type-gpch_event","status-publish","has-post-thumbnail","hentry"],"acf":[],"_links":{"self":[{"href":"https:\/\/www.greenpeace.ch\/de\/wp-json\/wp\/v2\/gpch_event\/125209","targetHints":{"allow":["GET"]}}],"collection":[{"href":"https:\/\/www.greenpeace.ch\/de\/wp-json\/wp\/v2\/gpch_event"}],"about":[{"href":"https:\/\/www.greenpeace.ch\/de\/wp-json\/wp\/v2\/types\/gpch_event"}],"author":[{"embeddable":true,"href":"https:\/\/www.greenpeace.ch\/de\/wp-json\/wp\/v2\/users\/48"}],"version-history":[{"count":1,"href":"https:\/\/www.greenpeace.ch\/de\/wp-json\/wp\/v2\/gpch_event\/125209\/revisions"}],"predecessor-version":[{"id":125214,"href":"https:\/\/www.greenpeace.ch\/de\/wp-json\/wp\/v2\/gpch_event\/125209\/revisions\/125214"}],"wp:featuredmedia":[{"embeddable":true,"href":"https:\/\/www.greenpeace.ch\/de\/wp-json\/wp\/v2\/media\/125210"}],"wp:attachment":[{"href":"https:\/\/www.greenpeace.ch\/de\/wp-json\/wp\/v2\/media?parent=125209"}],"wp:term":[{"taxonomy":"post_tag","embeddable":true,"href":"https:\/\/www.greenpeace.ch\/de\/wp-json\/wp\/v2\/tags?post=125209"}],"curies":[{"name":"wp","href":"https:\/\/api.w.org\/{rel}","templated":true}]}}

Die Roadshow mit dem Atommüllfass macht Halt in Langenthal

<div class="wp-block-columns is-layout-flex wp-container-core-columns-is-layout-9d6595d7 wp-block-columns-is-layout-flex">
<div class="wp-block-column is-layout-flow wp-block-column-is-layout-flow">
<p>Wir touren mit einem überdimensionalen Atommüllfass durch die Schweiz. <strong>Dabei schaffen wir einen «Raum für Heimat» und verwandeln das Atomfass in ein Symbol der Energiewende ohne Atomstrom. </strong></p>



<p>Komm auch vorbei und sei Teil der Bewegung: Formuliere deine Wünsche und hänge sie im Fass auf. Informiere dich über Wasserkraft, Solarenergie und Windkraft – und erlebe&nbsp;<strong>Begegnungen, Kunst und Engagement</strong>&nbsp;für die Zukunft.</p>
</div>



<div class="wp-block-column is-layout-flow wp-block-column-is-layout-flow">
<figure class="wp-block-image size-large is-resized"><img loading="lazy" decoding="async" width="1024" height="768" src="https://www.greenpeace.ch/static/planet4-switzerland-stateless/2025/08/e0480c8e-p1045451c2-1024x768.jpg" alt="" class="wp-image-124783" style="width:465px;height:auto" srcset="https://www.greenpeace.ch/static/planet4-switzerland-stateless/2025/08/e0480c8e-p1045451c2-1024x768.jpg 1024w, https://www.greenpeace.ch/static/planet4-switzerland-stateless/2025/08/e0480c8e-p1045451c2-300x225.jpg 300w, https://www.greenpeace.ch/static/planet4-switzerland-stateless/2025/08/e0480c8e-p1045451c2-768x576.jpg 768w, https://www.greenpeace.ch/static/planet4-switzerland-stateless/2025/08/e0480c8e-p1045451c2-1536x1152.jpg 1536w, https://www.greenpeace.ch/static/planet4-switzerland-stateless/2025/08/e0480c8e-p1045451c2-2048x1536.jpg 2048w, https://www.greenpeace.ch/static/planet4-switzerland-stateless/2025/08/e0480c8e-p1045451c2-1821x1366.jpg 1821w, https://www.greenpeace.ch/static/planet4-switzerland-stateless/2025/08/e0480c8e-p1045451c2-453x340.jpg 453w" sizes="auto, (max-width: 1024px) 100vw, 1024px" /></figure>
</div>
</div>

<p></p>

<p><strong><span style="text-decoration: underline;">Programm in Langenthal</span></strong></p>

<ul class="wp-block-list">
<li>Von <strong>9 bis 17 Uhr</strong> erwarten euch kreative <strong>Aktionen für Gross und Klein</strong>, das legendäre <strong>Atom-Quiz</strong> und vieles mehr.</li>



<li>Ab <strong>9 Uhr</strong> verwandelt die <strong>Illustrator <a href="https://drue-egg.com/about/" target="_blank" rel="noreferrer noopener">Dominik Rüegg</a> </strong>das Atomfass in ein Symbol der Energiewende ohne Atomstrom.</li>



<li>Um <strong>10 Uhr</strong> sprechen <strong><a href="https://www.instagram.com/magdalenaerni_" target="_blank" rel="noreferrer noopener">Magdalena Erni</a></strong>, Co-Präsidentin Junge Grüne Schweiz und <strong><a href="https://www.valeriomoser.ch/" target="_blank" rel="noreferrer noopener">Valerio Moser</a></strong>, Spoken Word Artist</li>
</ul>

<p>Weitere Informationen auf <a href="http://www.heimatenergien.ch">www.heimatenergien.ch</a></p>
<div aria-hidden="true" class="gpch-block-spacer"></div>

<p>Wir laden dich herzlich zur Oberen Marktgasse in Langenthal ein. Gemeinsam verwandeln wir ein überdimensionales Atommüllfass in ein Symbol der Energiewende ohne Atomstrom.</p>
