{"id":125215,"date":"2025-09-08T12:46:53","date_gmt":"2025-09-08T10:46:53","guid":{"rendered":"https:\/\/www.greenpeace.ch\/?post_type=gpch_event&#038;p=125215"},"modified":"2025-09-22T14:19:25","modified_gmt":"2025-09-22T12:19:25","slug":"die-roadshow-mit-dem-atommuellfass-macht-halt-in-aarau","status":"publish","type":"gpch_event","link":"https:\/\/www.greenpeace.ch\/de\/event\/die-roadshow-mit-dem-atommuellfass-macht-halt-in-aarau\/","title":{"rendered":"Die Roadshow mit dem Atomm\u00fcllfass macht Halt in Aarau"},"content":{"rendered":"\n<div class=\"wp-block-columns is-layout-flex wp-container-core-columns-is-layout-9d6595d7 wp-block-columns-is-layout-flex\">\n<div class=\"wp-block-column is-layout-flow wp-block-column-is-layout-flow\">\n<p>Wir touren mit einem \u00fcberdimensionalen Atomm\u00fcllfass durch die Schweiz. <strong>Dabei schaffen wir einen \u00abRaum f\u00fcr Heimat\u00bb und verwandeln das Atomfass in ein Symbol der Energiewende ohne Atomstrom.&nbsp;<\/strong><\/p>\n\n\n\n<p>Komm auch vorbei und sei Teil der Bewegung: Formuliere deine W\u00fcnsche und h\u00e4nge sie im Fass auf. Informiere dich \u00fcber Wasserkraft, Solarenergie und Windkraft \u2013 und erlebe&nbsp;<strong>Begegnungen, Kunst und Engagement<\/strong>&nbsp;f\u00fcr die Zukunft.<\/p>\n<\/div>\n\n\n\n<div class=\"wp-block-column is-layout-flow wp-block-column-is-layout-flow\">\n<figure class=\"wp-block-image size-large is-resized\"><img loading=\"lazy\" decoding=\"async\" width=\"1024\" height=\"768\" src=\"https:\/\/www.greenpeace.ch\/static\/planet4-switzerland-stateless\/2025\/08\/e0480c8e-p1045451c2-1024x768.jpg\" alt=\"\" class=\"wp-image-124783\" style=\"width:465px;height:auto\" srcset=\"https:\/\/www.greenpeace.ch\/static\/planet4-switzerland-stateless\/2025\/08\/e0480c8e-p1045451c2-1024x768.jpg 1024w, https:\/\/www.greenpeace.ch\/static\/planet4-switzerland-stateless\/2025\/08\/e0480c8e-p1045451c2-300x225.jpg 300w, https:\/\/www.greenpeace.ch\/static\/planet4-switzerland-stateless\/2025\/08\/e0480c8e-p1045451c2-768x576.jpg 768w, https:\/\/www.greenpeace.ch\/static\/planet4-switzerland-stateless\/2025\/08\/e0480c8e-p1045451c2-1536x1152.jpg 1536w, https:\/\/www.greenpeace.ch\/static\/planet4-switzerland-stateless\/2025\/08\/e0480c8e-p1045451c2-2048x1536.jpg 2048w, https:\/\/www.greenpeace.ch\/static\/planet4-switzerland-stateless\/2025\/08\/e0480c8e-p1045451c2-1821x1366.jpg 1821w, https:\/\/www.greenpeace.ch\/static\/planet4-switzerland-stateless\/2025\/08\/e0480c8e-p1045451c2-453x340.jpg 453w\" sizes=\"auto, (max-width: 1024px) 100vw, 1024px\" \/><\/figure>\n<\/div>\n<\/div>\n\n<p><\/p>\n\n<p><strong><span style=\"text-decoration: underline;\">Programm in Aarau<\/span><\/strong><\/p>\n\n<ul class=\"wp-block-list\">\n<li>Von <strong>10 bis 17 Uhr<\/strong> erwarten euch kreative <strong>Aktionen f\u00fcr Gross und Klein<\/strong>, das legend\u00e4re <strong>Atom-Quiz<\/strong> und vieles mehr.<\/li>\n\n\n\n<li>Ab <strong>10 Uhr<\/strong> verwandelt der <strong>T\u00e4towierer und K\u00fcnstler <a href=\"https:\/\/www.instagram.com\/trapdoor.tattooing\/\" target=\"_blank\" rel=\"noreferrer noopener\">Leo Pedrocca<\/a><\/strong> das Atomfass in ein Symbol der Energiewende ohne Atomstrom.<\/li>\n\n\n\n<li>Um <strong>13 Uhr<\/strong> spricht <strong><a href=\"https:\/\/cedricwermuth.ch\/\" target=\"_blank\" rel=\"noreferrer noopener\">C\u00e9dric Wermuth<\/a><\/strong>, Co-Pr\u00e4sident SP Schweiz.<\/li>\n<\/ul>\n\n<p>Weitere Informationen auf <a href=\"http:\/\/www.heimatenergien.ch\">www.heimatenergien.ch<\/a><\/p>\n<div aria-hidden=\"true\" class=\"gpch-block-spacer\"><\/div>\n<p><\/p>\n","protected":false},"excerpt":{"rendered":"<p>Wir laden dich herzlich zur Igelweid in Aarau ein. Gemeinsam verwandeln wir ein \u00fcberdimensionales Atomm\u00fcllfass in ein Symbol der Energiewende ohne Atomstrom.<\/p>\n","protected":false},"author":48,"featured_media":125216,"template":"","meta":{"_acf_changed":false,"_planet4_optimize_post_is_variant":false,"_planet4_optimize_experiment_name":"","_planet4_optimize_variant_name":"","ep_exclude_from_search":false,"footnotes":""},"tags":[],"class_list":["post-125215","gpch_event","type-gpch_event","status-publish","has-post-thumbnail","hentry"],"acf":[],"_links":{"self":[{"href":"https:\/\/www.greenpeace.ch\/de\/wp-json\/wp\/v2\/gpch_event\/125215","targetHints":{"allow":["GET"]}}],"collection":[{"href":"https:\/\/www.greenpeace.ch\/de\/wp-json\/wp\/v2\/gpch_event"}],"about":[{"href":"https:\/\/www.greenpeace.ch\/de\/wp-json\/wp\/v2\/types\/gpch_event"}],"author":[{"embeddable":true,"href":"https:\/\/www.greenpeace.ch\/de\/wp-json\/wp\/v2\/users\/48"}],"version-history":[{"count":3,"href":"https:\/\/www.greenpeace.ch\/de\/wp-json\/wp\/v2\/gpch_event\/125215\/revisions"}],"predecessor-version":[{"id":125662,"href":"https:\/\/www.greenpeace.ch\/de\/wp-json\/wp\/v2\/gpch_event\/125215\/revisions\/125662"}],"wp:featuredmedia":[{"embeddable":true,"href":"https:\/\/www.greenpeace.ch\/de\/wp-json\/wp\/v2\/media\/125216"}],"wp:attachment":[{"href":"https:\/\/www.greenpeace.ch\/de\/wp-json\/wp\/v2\/media?parent=125215"}],"wp:term":[{"taxonomy":"post_tag","embeddable":true,"href":"https:\/\/www.greenpeace.ch\/de\/wp-json\/wp\/v2\/tags?post=125215"}],"curies":[{"name":"wp","href":"https:\/\/api.w.org\/{rel}","templated":true}]}}

Die Roadshow mit dem Atommüllfass macht Halt in Aarau

<div class="wp-block-columns is-layout-flex wp-container-core-columns-is-layout-9d6595d7 wp-block-columns-is-layout-flex">
<div class="wp-block-column is-layout-flow wp-block-column-is-layout-flow">
<p>Wir touren mit einem überdimensionalen Atommüllfass durch die Schweiz. <strong>Dabei schaffen wir einen «Raum für Heimat» und verwandeln das Atomfass in ein Symbol der Energiewende ohne Atomstrom.&nbsp;</strong></p>



<p>Komm auch vorbei und sei Teil der Bewegung: Formuliere deine Wünsche und hänge sie im Fass auf. Informiere dich über Wasserkraft, Solarenergie und Windkraft – und erlebe&nbsp;<strong>Begegnungen, Kunst und Engagement</strong>&nbsp;für die Zukunft.</p>
</div>



<div class="wp-block-column is-layout-flow wp-block-column-is-layout-flow">
<figure class="wp-block-image size-large is-resized"><img loading="lazy" decoding="async" width="1024" height="768" src="https://www.greenpeace.ch/static/planet4-switzerland-stateless/2025/08/e0480c8e-p1045451c2-1024x768.jpg" alt="" class="wp-image-124783" style="width:465px;height:auto" srcset="https://www.greenpeace.ch/static/planet4-switzerland-stateless/2025/08/e0480c8e-p1045451c2-1024x768.jpg 1024w, https://www.greenpeace.ch/static/planet4-switzerland-stateless/2025/08/e0480c8e-p1045451c2-300x225.jpg 300w, https://www.greenpeace.ch/static/planet4-switzerland-stateless/2025/08/e0480c8e-p1045451c2-768x576.jpg 768w, https://www.greenpeace.ch/static/planet4-switzerland-stateless/2025/08/e0480c8e-p1045451c2-1536x1152.jpg 1536w, https://www.greenpeace.ch/static/planet4-switzerland-stateless/2025/08/e0480c8e-p1045451c2-2048x1536.jpg 2048w, https://www.greenpeace.ch/static/planet4-switzerland-stateless/2025/08/e0480c8e-p1045451c2-1821x1366.jpg 1821w, https://www.greenpeace.ch/static/planet4-switzerland-stateless/2025/08/e0480c8e-p1045451c2-453x340.jpg 453w" sizes="auto, (max-width: 1024px) 100vw, 1024px" /></figure>
</div>
</div>

<p></p>

<p><strong><span style="text-decoration: underline;">Programm in Aarau</span></strong></p>

<ul class="wp-block-list">
<li>Von <strong>10 bis 17 Uhr</strong> erwarten euch kreative <strong>Aktionen für Gross und Klein</strong>, das legendäre <strong>Atom-Quiz</strong> und vieles mehr.</li>



<li>Ab <strong>10 Uhr</strong> verwandelt der <strong>Tätowierer und Künstler <a href="https://www.instagram.com/trapdoor.tattooing/" target="_blank" rel="noreferrer noopener">Leo Pedrocca</a></strong> das Atomfass in ein Symbol der Energiewende ohne Atomstrom.</li>



<li>Um <strong>13 Uhr</strong> spricht <strong><a href="https://cedricwermuth.ch/" target="_blank" rel="noreferrer noopener">Cédric Wermuth</a></strong>, Co-Präsident SP Schweiz.</li>
</ul>

<p>Weitere Informationen auf <a href="http://www.heimatenergien.ch">www.heimatenergien.ch</a></p>
<div aria-hidden="true" class="gpch-block-spacer"></div>
<p></p>

<p>Wir laden dich herzlich zur Igelweid in Aarau ein. Gemeinsam verwandeln wir ein überdimensionales Atommüllfass in ein Symbol der Energiewende ohne Atomstrom.</p>
