{"id":66114,"date":"2021-04-13T08:58:25","date_gmt":"2021-04-13T06:58:25","guid":{"rendered":"https:\/\/www.greenpeace.ch\/?post_type=gpch_event&#038;p=66114"},"modified":"2021-04-15T19:32:13","modified_gmt":"2021-04-15T17:32:13","slug":"webinar-wie-unser-finanzplatz-den-klimawandel-befeuert","status":"publish","type":"gpch_event","link":"https:\/\/www.greenpeace.ch\/de\/event\/webinar-wie-unser-finanzplatz-den-klimawandel-befeuert\/","title":{"rendered":"Webinar: Wie unser Finanzplatz den Klimawandel befeuert"},"content":{"rendered":"\n<p><strong>Du erf\u00e4hrst an diesem Event, wie Finanzfl\u00fcsse aus der Schweiz aktuell zu einer Klimaerw\u00e4rmung von 4 bis 6 Grad Celsius beitragen.<\/strong> <\/p>\n\n<p>Wir analysieren die Rollen der wichtigsten Akteure wie Asset-Managern, Kreditbanken, Regulatoren und der Nationalbank aber auch jene von uns Sparern und Versicherten. <\/p>\n\n<p>Und wir suchen nach Wegen, wie wir die Akteure dazu bewegen k\u00f6nnen, zu klimafreundlichen Geldfl\u00fcssen beizutragen.&nbsp;<\/p>\n\n<p>Der Greenpeace Campaigner f\u00fcr nachhaltige Finanzierung, Peter Haberstich, f\u00fchrt in das Thema ein, beantwortet Fragen und freut sich auf eine angeregte Diskussion.<\/p>\n\n<p>Die Teilnahme ist kostenlos.<\/p>\n\n<p>Jetzt anmelden:<\/p>\n","protected":false},"excerpt":{"rendered":"<p>Du erf\u00e4hrst an diesem Event, wie Finanzfl\u00fcsse aus der Schweiz aktuell zu einer Klimaerw\u00e4rmung von 4 bis 6 Grad Celsius beitragen. Und wir suchen nach Wegen, wie wir die Akteure dazu bewegen k\u00f6nnen, zu klimafreundlichen Geldfl\u00fcssen beizutragen. <\/p>\n","protected":false},"author":48,"featured_media":66146,"template":"","meta":{"_acf_changed":false,"_planet4_optimize_post_is_variant":false,"_planet4_optimize_experiment_name":"","_planet4_optimize_variant_name":"","ep_exclude_from_search":false,"footnotes":""},"tags":[35,50],"class_list":["post-66114","gpch_event","type-gpch_event","status-publish","has-post-thumbnail","hentry","tag-nachhaltiger-finanzplatz","tag-klima"],"acf":[],"_links":{"self":[{"href":"https:\/\/www.greenpeace.ch\/de\/wp-json\/wp\/v2\/gpch_event\/66114","targetHints":{"allow":["GET"]}}],"collection":[{"href":"https:\/\/www.greenpeace.ch\/de\/wp-json\/wp\/v2\/gpch_event"}],"about":[{"href":"https:\/\/www.greenpeace.ch\/de\/wp-json\/wp\/v2\/types\/gpch_event"}],"author":[{"embeddable":true,"href":"https:\/\/www.greenpeace.ch\/de\/wp-json\/wp\/v2\/users\/48"}],"version-history":[{"count":0,"href":"https:\/\/www.greenpeace.ch\/de\/wp-json\/wp\/v2\/gpch_event\/66114\/revisions"}],"wp:featuredmedia":[{"embeddable":true,"href":"https:\/\/www.greenpeace.ch\/de\/wp-json\/wp\/v2\/media\/66146"}],"wp:attachment":[{"href":"https:\/\/www.greenpeace.ch\/de\/wp-json\/wp\/v2\/media?parent=66114"}],"wp:term":[{"taxonomy":"post_tag","embeddable":true,"href":"https:\/\/www.greenpeace.ch\/de\/wp-json\/wp\/v2\/tags?post=66114"}],"curies":[{"name":"wp","href":"https:\/\/api.w.org\/{rel}","templated":true}]}}

<p><strong>Du erfährst an diesem Event, wie Finanzflüsse aus der Schweiz aktuell zu einer Klimaerwärmung von 4 bis 6 Grad Celsius beitragen.</strong> </p>

<p>Wir analysieren die Rollen der wichtigsten Akteure wie Asset-Managern, Kreditbanken, Regulatoren und der Nationalbank aber auch jene von uns Sparern und Versicherten. </p>

<p>Und wir suchen nach Wegen, wie wir die Akteure dazu bewegen können, zu klimafreundlichen Geldflüssen beizutragen.&nbsp;</p>

<p>Der Greenpeace Campaigner für nachhaltige Finanzierung, Peter Haberstich, führt in das Thema ein, beantwortet Fragen und freut sich auf eine angeregte Diskussion.</p>

<p>Die Teilnahme ist kostenlos.</p>

<p>Jetzt anmelden:</p>

<p>Du erfährst an diesem Event, wie Finanzflüsse aus der Schweiz aktuell zu einer Klimaerwärmung von 4 bis 6 Grad Celsius beitragen. Und wir suchen nach Wegen, wie wir die Akteure dazu bewegen können, zu klimafreundlichen Geldflüssen beizutragen. </p>
