{"id":93756,"date":"2023-01-25T16:41:06","date_gmt":"2023-01-25T15:41:06","guid":{"rendered":"https:\/\/www.greenpeace.ch\/?post_type=gpch_event&#038;p=93756"},"modified":"2023-01-28T14:49:37","modified_gmt":"2023-01-28T13:49:37","slug":"tanz-an-der-fassade-das-grosse-regenwald-spektakel","status":"publish","type":"gpch_event","link":"https:\/\/www.greenpeace.ch\/de\/event\/tanz-an-der-fassade-das-grosse-regenwald-spektakel\/","title":{"rendered":"Tanz an der Fassade \u2013 Das grosse Regenwald-Spektakel"},"content":{"rendered":"\n<p>Unter dem Titel <strong>\u00abDas grosse Regenwald-Spektakel\u00bb<\/strong> bieten Greenpeace-Aktivist:innen und T\u00e4nzer:innen der Company <a rel=\"noreferrer noopener\" href=\"https:\/\/www.oeffoeff.ch\/\" target=\"_blank\">\u00d6ff \u00d6ff Aerial Dance<\/a> am Samstag, 4. Februar 2023, an der Fassade des <a rel=\"noreferrer noopener\" href=\"https:\/\/www.progr.ch\/\" target=\"_blank\">Kulturzentrums Progr in Bern<\/a> eine <strong>artistische Kletteraktion an Seilen.<\/strong> In luftiger H\u00f6he tanzen sie zu Musik und Kl\u00e4ngen und verk\u00f6rpern dabei Tiere aus dem Regenwald, deren Heimat aufgrund der Abholzung immer weiter zerst\u00f6rt wird. <strong>\u00abNo forests, no future\u00bb<\/strong> \u2013 die Greenpeace-Aktivist:innen richten sich mit ihrer Aktion an die Bev\u00f6lkerung und rufen die Menschen dazu auf, von den <strong>Pensionskassen Nachhaltigkeit<\/strong> zu fordern.<\/p>\n\n<p>Auff\u00fchrungen um: <\/p>\n\n<ul class=\"wp-block-list\">\n<li><strong>12:00 Uhr<\/strong><\/li>\n\n\n\n<li><strong>14:00 Uhr<\/strong><\/li>\n\n\n\n<li><strong>16:00 Uhr<\/strong><\/li>\n<\/ul>\n\n<p>Die Progr Buvette ist ab 12 Uhr offen und serviert kalte und heisse Getr\u00e4nke.<\/p>\n\n<h2 class=\"wp-block-heading\">Pensionskassen investieren in die Waldzerst\u00f6rung<\/h2>\n\n<p>In der Tat schreitet die Zerst\u00f6rung der Urw\u00e4lder stetig voran \u2013 f\u00fcr die Rinderzucht, f\u00fcr \u00d6lpalm-, Soja- und Kaffeeplantagen, f\u00fcr Holz und Papier, f\u00fcr Eisenerz, Gold, \u00d6l und Gas. Die daf\u00fcr verantwortlichen Unternehmen erhalten finanzielle Unterst\u00fctzung auch aus der Schweiz: Pensionskassen sind mit mindestens 60 Milliarden Franken in Unternehmen investiert, die f\u00fcr die Abholzung von tropischen W\u00e4ldern besonders verantwortlich sind. Das zeigt ein <a rel=\"noreferrer noopener\" href=\"https:\/\/www.greenpeace.ch\/de\/story\/88853\/pensions4future\/\" target=\"_blank\">Bericht von Greenpeace Schweiz<\/a>. <\/p>\n\n<p>Die ungebremste Abholzung hat verheerende Folgen: Tropische W\u00e4lder sind nicht nur Lebensraum von unz\u00e4hligen Tieren und Heimat von indigenen V\u00f6lkern, sie sind eine Lebensversicherung f\u00fcr alle: W\u00e4lder haben eine immens wichtige Funktion f\u00fcr die Biodiversit\u00e4t. Als gigantische Kohlenstoffspeicher spielen sie zudem eine zentrale Rolle im Kampf gegen die Klimaerhitzung.<\/p>\n\n<p>\u00abNo forests, no future\u00bb, auf Deutsch \u00abKeine W\u00e4lder, keine Zukunft\u00bb, heisst es darum auf dem riesigen Plakat, das die Greenpeace-Aktivist:innen am Ende ihrer Kletter-Performance an der Fassade des Progr entrollen werden.<\/p>\n\n<p>Greenpeace Schweiz fordert alle Pensionskassen auf, ab Mitte 2023 eine Nachhaltigkeitsstrategie zu verfolgen, die dazu beitr\u00e4gt, die Pariser Klimaziele und die Wiederherstellung der biologischen Vielfalt zu erreichen, f\u00fcr letzteres sind bis 2030 mehr als 30 Prozent aller Landfl\u00e4chen und Meere zu sch\u00fctzen (eine Forderung, die allgemein als 30by30 bekannt ist). Die Transition zu einer nachhaltigen Wirtschaft muss zudem sozialvertr\u00e4glich verlaufen.&nbsp;<\/p>\n\n<p>Mehr zum Thema: <a href=\"https:\/\/www.greenpeace.ch\/de\/story\/88853\/pensions4future\/\">Greenpace.ch\/Pensions4Future<\/a><\/p>\n","protected":false},"excerpt":{"rendered":"<p>Unter dem Titel \u00abDas grosse Regenwald-Spektakel\u00bb bieten Greenpeace-Aktivist:innen und T\u00e4nzer:innen der Company \u00d6ff \u00d6ff Aerial Dance an der Fassade des Kulturzentrums Progr in Bern eine artistische Kletteraktion an Seilen. Die Greenpeace-Aktivist:innen richten sich mit ihrer Aktion an die Bev\u00f6lkerung und rufen die Menschen dazu auf, bei den Pensionskassen Nachhaltigkeit einzufordern.<\/p>\n","protected":false},"author":39,"featured_media":93764,"template":"","meta":{"_acf_changed":false,"_planet4_optimize_post_is_variant":false,"_planet4_optimize_experiment_name":"","_planet4_optimize_variant_name":"","ep_exclude_from_search":false,"footnotes":""},"tags":[],"class_list":["post-93756","gpch_event","type-gpch_event","status-publish","has-post-thumbnail","hentry"],"acf":[],"_links":{"self":[{"href":"https:\/\/www.greenpeace.ch\/de\/wp-json\/wp\/v2\/gpch_event\/93756","targetHints":{"allow":["GET"]}}],"collection":[{"href":"https:\/\/www.greenpeace.ch\/de\/wp-json\/wp\/v2\/gpch_event"}],"about":[{"href":"https:\/\/www.greenpeace.ch\/de\/wp-json\/wp\/v2\/types\/gpch_event"}],"author":[{"embeddable":true,"href":"https:\/\/www.greenpeace.ch\/de\/wp-json\/wp\/v2\/users\/39"}],"version-history":[{"count":0,"href":"https:\/\/www.greenpeace.ch\/de\/wp-json\/wp\/v2\/gpch_event\/93756\/revisions"}],"wp:featuredmedia":[{"embeddable":true,"href":"https:\/\/www.greenpeace.ch\/de\/wp-json\/wp\/v2\/media\/93764"}],"wp:attachment":[{"href":"https:\/\/www.greenpeace.ch\/de\/wp-json\/wp\/v2\/media?parent=93756"}],"wp:term":[{"taxonomy":"post_tag","embeddable":true,"href":"https:\/\/www.greenpeace.ch\/de\/wp-json\/wp\/v2\/tags?post=93756"}],"curies":[{"name":"wp","href":"https:\/\/api.w.org\/{rel}","templated":true}]}}

<p>Unter dem Titel <strong>«Das grosse Regenwald-Spektakel»</strong> bieten Greenpeace-Aktivist:innen und Tänzer:innen der Company <a rel="noreferrer noopener" href="https://www.oeffoeff.ch/" target="_blank">Öff Öff Aerial Dance</a> am Samstag, 4. Februar 2023, an der Fassade des <a rel="noreferrer noopener" href="https://www.progr.ch/" target="_blank">Kulturzentrums Progr in Bern</a> eine <strong>artistische Kletteraktion an Seilen.</strong> In luftiger Höhe tanzen sie zu Musik und Klängen und verkörpern dabei Tiere aus dem Regenwald, deren Heimat aufgrund der Abholzung immer weiter zerstört wird. <strong>«No forests, no future»</strong> – die Greenpeace-Aktivist:innen richten sich mit ihrer Aktion an die Bevölkerung und rufen die Menschen dazu auf, von den <strong>Pensionskassen Nachhaltigkeit</strong> zu fordern.</p>

<p>Aufführungen um: </p>

<ul class="wp-block-list">
<li><strong>12:00 Uhr</strong></li>



<li><strong>14:00 Uhr</strong></li>



<li><strong>16:00 Uhr</strong></li>
</ul>

<p>Die Progr Buvette ist ab 12 Uhr offen und serviert kalte und heisse Getränke.</p>

<h2 class="wp-block-heading">Pensionskassen investieren in die Waldzerstörung</h2>

<p>In der Tat schreitet die Zerstörung der Urwälder stetig voran – für die Rinderzucht, für Ölpalm-, Soja- und Kaffeeplantagen, für Holz und Papier, für Eisenerz, Gold, Öl und Gas. Die dafür verantwortlichen Unternehmen erhalten finanzielle Unterstützung auch aus der Schweiz: Pensionskassen sind mit mindestens 60 Milliarden Franken in Unternehmen investiert, die für die Abholzung von tropischen Wäldern besonders verantwortlich sind. Das zeigt ein <a rel="noreferrer noopener" href="https://www.greenpeace.ch/de/story/88853/pensions4future/" target="_blank">Bericht von Greenpeace Schweiz</a>. </p>

<p>Die ungebremste Abholzung hat verheerende Folgen: Tropische Wälder sind nicht nur Lebensraum von unzähligen Tieren und Heimat von indigenen Völkern, sie sind eine Lebensversicherung für alle: Wälder haben eine immens wichtige Funktion für die Biodiversität. Als gigantische Kohlenstoffspeicher spielen sie zudem eine zentrale Rolle im Kampf gegen die Klimaerhitzung.</p>

<p>«No forests, no future», auf Deutsch «Keine Wälder, keine Zukunft», heisst es darum auf dem riesigen Plakat, das die Greenpeace-Aktivist:innen am Ende ihrer Kletter-Performance an der Fassade des Progr entrollen werden.</p>

<p>Greenpeace Schweiz fordert alle Pensionskassen auf, ab Mitte 2023 eine Nachhaltigkeitsstrategie zu verfolgen, die dazu beiträgt, die Pariser Klimaziele und die Wiederherstellung der biologischen Vielfalt zu erreichen, für letzteres sind bis 2030 mehr als 30 Prozent aller Landflächen und Meere zu schützen (eine Forderung, die allgemein als 30by30 bekannt ist). Die Transition zu einer nachhaltigen Wirtschaft muss zudem sozialverträglich verlaufen.&nbsp;</p>

<p>Mehr zum Thema: <a href="https://www.greenpeace.ch/de/story/88853/pensions4future/">Greenpace.ch/Pensions4Future</a></p>

<p>Unter dem Titel «Das grosse Regenwald-Spektakel» bieten Greenpeace-Aktivist:innen und Tänzer:innen der Company Öff Öff Aerial Dance an der Fassade des Kulturzentrums Progr in Bern eine artistische Kletteraktion an Seilen. Die Greenpeace-Aktivist:innen richten sich mit ihrer Aktion an die Bevölkerung und rufen die Menschen dazu auf, bei den Pensionskassen Nachhaltigkeit einzufordern.</p>
