{"id":619,"date":"2019-04-11T17:01:21","date_gmt":"2019-04-11T15:01:21","guid":{"rendered":"https:\/\/master.greenpeace.ch\/?page_id=619"},"modified":"2025-05-05T12:07:48","modified_gmt":"2025-05-05T10:07:48","slug":"nachhaltigkeit","status":"publish","type":"page","link":"https:\/\/www.greenpeace.ch\/de\/ueber-uns\/nachhaltigkeit\/","title":{"rendered":"Nachhaltigkeit"},"content":{"rendered":"\n                \n                <div class=\"wp-block-group alignfull is-layout-flow wp-block-group-is-layout-flow\">\n                \n                <div class=\"wp-block-group container is-layout-flow wp-block-group-is-layout-flow\">\n                \n                <div class=\"wp-block-media-text alignfull has-media-on-the-right is-stacked-on-mobile is-pattern-p4-page-header is-style-parallax\">\n\n                <div class=\"wp-block-media-text__content\">\n                    <div class=\"wp-block-group is-layout-flow wp-block-group-is-layout-flow\">\n                    \n                        <h1 class=\"wp-block-heading has-white-background-color has-background\">\n                            Greenpeace nachhaltig\n                        <\/h1>\n                    <\/div>\n                \n\n                \n\n                \n\n                <\/div>\n                <figure class=\"wp-block-media-text__media\">\n                    <img loading=\"lazy\" decoding=\"async\" width=\"2600\" height=\"986\"\n                        src=\"https:\/\/www.greenpeace.ch\/static\/planet4-switzerland-stateless\/2019\/05\/c186916b-gp0stph1q.jpg\"\n                        alt=\"\"\n                        sizes=\"auto, (min-width: 601px) 50vw, 100vw\" srcset=\"https:\/\/www.greenpeace.ch\/static\/planet4-switzerland-stateless\/2019\/05\/c186916b-gp0stph1q.jpg 2600w, https:\/\/www.greenpeace.ch\/static\/planet4-switzerland-stateless\/2019\/05\/c186916b-gp0stph1q-300x114.jpg 300w, https:\/\/www.greenpeace.ch\/static\/planet4-switzerland-stateless\/2019\/05\/c186916b-gp0stph1q-768x291.jpg 768w, https:\/\/www.greenpeace.ch\/static\/planet4-switzerland-stateless\/2019\/05\/c186916b-gp0stph1q-1024x388.jpg 1024w, https:\/\/www.greenpeace.ch\/static\/planet4-switzerland-stateless\/2019\/05\/c186916b-gp0stph1q-2048x777.jpg 2048w, https:\/\/www.greenpeace.ch\/static\/planet4-switzerland-stateless\/2019\/05\/c186916b-gp0stph1q-510x193.jpg 510w\" class=\"wp-image-1664 size-full\"\n                    \/>\n                <\/figure>\n                <\/div>\n                \n                <\/div>\n                \n                <\/div>\n                \n                \n<h2 class=\"is-style-underline wp-block-heading\">Was bringt ein nachhaltiges Energiekonzept?<\/h2>\n\n<div class=\"wp-block-columns has-2-columns is-layout-flex wp-container-core-columns-is-layout-9d6595d7 wp-block-columns-is-layout-flex\">\n<div class=\"wp-block-column is-layout-flow wp-block-column-is-layout-flow\">\n<p>Unter Nachhaltigkeit verstehen wir zukunftsf\u00e4higes Handeln und Wirtschaften. Wir wollen m\u00f6glichst viele Menschen daf\u00fcr begeistern, mit uns eine saubere Energiezukunft zu gestalten.<\/p>\n\n\n\n<p>Die Klimaerhitzung ist die gr\u00f6sste globale Umweltherausforderung und damit auch eines der wichtigsten Kampagnenthemen f\u00fcr Greenpeace. Gem\u00e4ss der Erkenntnisse des Weltklimarates IPCC vom September 2013 k\u00f6nnen die Folgen der Klimaerhitzung auf der ganzen Welt nachgewiesen werden. Die Folgen f\u00fcr die \u00d6kosysteme und damit unsere Lebensgrundlagen werden immer deutlicher: Abschmelzen der Polkappen, Meeresspiegelanstieg und Ver\u00e4nderung des Energiehaushalts der Meere, Auftauen des Permafrosts und R\u00fcckgang der Gletscher, Ausbreitung von W\u00fcsten und Zunahme von D\u00fcrreperioden, Zunahme von Wetterextremen und viele mehr.<\/p>\n\n\n\n<p>Die wissenschaftliche Evidenz ist klar: Unsere Nachkommen werden bei ungebremster Klimaerhitzung mit kaputten \u00d6kosystemen und lebensbedrohenden Naturkatastrophen zu k\u00e4mpfen haben.<\/p>\n\n\n\n<p>Greenpeace fordert eine weltweite Energierevolution mit erneuerbaren Energien und einem deutlich niedrigeren Energieverbrauch durch effiziente Energienutzung. Wir m\u00fcssen die Ver\u00e4nderung leben, die wir in der Welt sehen wollen.\u00a0Die Energiewende braucht den Beitrag von uns allen.<\/p>\n<\/div>\n\n\n\n<div class=\"wp-block-column is-layout-flow wp-block-column-is-layout-flow\">\n<figure class=\"wp-block-image\"><img loading=\"lazy\" decoding=\"async\" width=\"1024\" height=\"768\" src=\"https:\/\/www.greenpeace.ch\/static\/planet4-switzerland-stateless\/2019\/05\/9a7a6dbb-gp0strupw_high_res-1024x768.jpg\" alt=\"\" class=\"wp-image-28910\" srcset=\"https:\/\/www.greenpeace.ch\/static\/planet4-switzerland-stateless\/2019\/05\/9a7a6dbb-gp0strupw_high_res-1024x768.jpg 1024w, https:\/\/www.greenpeace.ch\/static\/planet4-switzerland-stateless\/2019\/05\/9a7a6dbb-gp0strupw_high_res-300x225.jpg 300w, https:\/\/www.greenpeace.ch\/static\/planet4-switzerland-stateless\/2019\/05\/9a7a6dbb-gp0strupw_high_res-768x576.jpg 768w, https:\/\/www.greenpeace.ch\/static\/planet4-switzerland-stateless\/2019\/05\/9a7a6dbb-gp0strupw_high_res-1821x1366.jpg 1821w, https:\/\/www.greenpeace.ch\/static\/planet4-switzerland-stateless\/2019\/05\/9a7a6dbb-gp0strupw_high_res-453x340.jpg 453w\" sizes=\"auto, (max-width: 1024px) 100vw, 1024px\" \/><\/figure>\n<\/div>\n<\/div>\n\n<hr class=\"wp-block-separator\"\/>\n\n<h2 class=\"is-style-default wp-block-heading\">Nachhaltigkeit bei Greenpeace Schweiz<\/h2>\n\n<div class=\"wp-block-columns has-2-columns is-layout-flex wp-container-core-columns-is-layout-9d6595d7 wp-block-columns-is-layout-flex\">\n<div class=\"wp-block-column is-layout-flow wp-block-column-is-layout-flow\">\n<p>Bereits in ihrem alten B\u00fcro hat Greenpeace Schweiz versucht, die Energieeffizienz durch Sanierungen zu verbessern, zum Beispiel durch den Einbau einer Pellet-Heizung oder die bessere Isolierung der Fenster. Doch als Mieter waren uns Grenzen gesetzt.<\/p>\n\n\n\n<p>Deshalb bezieht Greenpeace Schweiz im Sommer 2014 ihre B\u00fcros im Neubau der Genossenschaft Kalkbreite. Die Wahl f\u00e4llt auf die Kalkbreite, weil wir die Visionen dieses\u00a0nachhaltigen, zukunftsorientierten Projekts\u00a0teilen.\u00a0Greenpeace hat sich f\u00fcr den Umzug klare Ziele gesetzt: Durch Nachhaltigkeit, Minergie-P und die 2000-Watt-Gesellschaft soll der Verbrauch pro Quadratmeter bis zu 70 Prozent sinken. Durch die bessere Isolation der Aussenw\u00e4nde und die energieeffiziente Geb\u00e4udetechnik sinkt der Verbrauch pro Quadratmeter um tats\u00e4chlich 70 Prozent im Vergleich zu vorher. Mit dem Wechsel von fixen zu flexiblen Arbeitspl\u00e4tzen ben\u00f6tigen wir zudem 33 Prozent weniger Fl\u00e4che pro MitarbeiterIn. Im Einklang mit den sowohl von Greenpeace als auch der Kalkbreite getragenen Prinzipien der Effizienz und der Suffizienz verringern wir unseren Heizenergieverbrauch um rund 80 Prozent.<\/p>\n<\/div>\n\n\n\n<div class=\"wp-block-column is-layout-flow wp-block-column-is-layout-flow\">\n<figure class=\"wp-block-image\"><img loading=\"lazy\" decoding=\"async\" width=\"1024\" height=\"472\" src=\"https:\/\/www.greenpeace.ch\/static\/planet4-switzerland-stateless\/2019\/05\/ce8fbbec-kalkbreite_heinrichst-1024x472.png\" alt=\"\" class=\"wp-image-1735\" srcset=\"https:\/\/www.greenpeace.ch\/static\/planet4-switzerland-stateless\/2019\/05\/ce8fbbec-kalkbreite_heinrichst-1024x472.png 1024w, https:\/\/www.greenpeace.ch\/static\/planet4-switzerland-stateless\/2019\/05\/ce8fbbec-kalkbreite_heinrichst-300x138.png 300w, https:\/\/www.greenpeace.ch\/static\/planet4-switzerland-stateless\/2019\/05\/ce8fbbec-kalkbreite_heinrichst-768x354.png 768w, https:\/\/www.greenpeace.ch\/static\/planet4-switzerland-stateless\/2019\/05\/ce8fbbec-kalkbreite_heinrichst-510x235.png 510w, https:\/\/www.greenpeace.ch\/static\/planet4-switzerland-stateless\/2019\/05\/ce8fbbec-kalkbreite_heinrichst.png 1201w\" sizes=\"auto, (max-width: 1024px) 100vw, 1024px\" \/><\/figure>\n\n\n\n<p>Als Umweltorganisation ist uns ein fortschrittliches Energiekonzept wichtig und es ist Teil unserer Arbeit, umweltfreundliche L\u00f6sungen aufzuzeigen. Deshalb wollen wir mit gutem Beispiel vorangehen und zeigen, dass Nachhaltigkeit auch im B\u00fcroalltag m\u00f6glich ist.<\/p>\n<\/div>\n<\/div>\n","protected":false},"excerpt":{"rendered":"<p>Was bringt ein nachhaltiges Energiekonzept? Unter Nachhaltigkeit verstehen wir zukunftsf\u00e4higes Handeln und Wirtschaften. Wir wollen m\u00f6glichst viele Menschen daf\u00fcr begeistern, mit uns eine saubere Energiezukunft zu gestalten. Die Klimaerhitzung ist die gr\u00f6sste globale Umweltherausforderung und damit auch eines der wichtigsten Kampagnenthemen f\u00fcr Greenpeace. Gem\u00e4ss der Erkenntnisse des Weltklimarates IPCC vom September 2013 k\u00f6nnen die Folgen [&hellip;]<\/p>\n","protected":false},"author":25,"featured_media":0,"parent":497,"menu_order":0,"comment_status":"closed","ping_status":"closed","template":"","meta":{"_acf_changed":false,"_planet4_optimize_post_is_variant":false,"_planet4_optimize_experiment_name":"","_planet4_optimize_variant_name":"","ep_exclude_from_search":false,"p4_hide_page_title_checkbox":"on","p4_title":"","p4_subtitle":"","p4_description":"","background_image_id":"","background_image":"","p4_button_title":"","p4_button_link":"","p4_button_link_checkbox":"","p4_og_title":"","p4_og_description":"","p4_og_image":"","p4_og_image_id":"","p4_seo_canonical_url":"","p4_campaign_name":"not set","p4_local_project":"","p4_basket_name":"not set","p4_department":"","footnotes":""},"categories":[],"tags":[],"class_list":["post-619","page","type-page","status-publish","hentry"],"acf":[],"_links":{"self":[{"href":"https:\/\/www.greenpeace.ch\/de\/wp-json\/wp\/v2\/pages\/619","targetHints":{"allow":["GET"]}}],"collection":[{"href":"https:\/\/www.greenpeace.ch\/de\/wp-json\/wp\/v2\/pages"}],"about":[{"href":"https:\/\/www.greenpeace.ch\/de\/wp-json\/wp\/v2\/types\/page"}],"author":[{"embeddable":true,"href":"https:\/\/www.greenpeace.ch\/de\/wp-json\/wp\/v2\/users\/25"}],"replies":[{"embeddable":true,"href":"https:\/\/www.greenpeace.ch\/de\/wp-json\/wp\/v2\/comments?post=619"}],"version-history":[{"count":2,"href":"https:\/\/www.greenpeace.ch\/de\/wp-json\/wp\/v2\/pages\/619\/revisions"}],"predecessor-version":[{"id":119898,"href":"https:\/\/www.greenpeace.ch\/de\/wp-json\/wp\/v2\/pages\/619\/revisions\/119898"}],"up":[{"embeddable":true,"href":"https:\/\/www.greenpeace.ch\/de\/wp-json\/wp\/v2\/pages\/497"}],"wp:attachment":[{"href":"https:\/\/www.greenpeace.ch\/de\/wp-json\/wp\/v2\/media?parent=619"}],"wp:term":[{"taxonomy":"category","embeddable":true,"href":"https:\/\/www.greenpeace.ch\/de\/wp-json\/wp\/v2\/categories?post=619"},{"taxonomy":"post_tag","embeddable":true,"href":"https:\/\/www.greenpeace.ch\/de\/wp-json\/wp\/v2\/tags?post=619"}],"curies":[{"name":"wp","href":"https:\/\/api.w.org\/{rel}","templated":true}]}}

<div class="wp-block-group alignfull is-layout-flow wp-block-group-is-layout-flow">
                
                <div class="wp-block-group container is-layout-flow wp-block-group-is-layout-flow">
                
                <div class="wp-block-media-text alignfull has-media-on-the-right is-stacked-on-mobile is-pattern-p4-page-header is-style-parallax">

                <div class="wp-block-media-text__content">
                    <div class="wp-block-group is-layout-flow wp-block-group-is-layout-flow">
                    
                        <h1 class="wp-block-heading has-white-background-color has-background">
                            Greenpeace nachhaltig
                        </h1>
                    </div>
                

                

                

                </div>
                <figure class="wp-block-media-text__media">
                    <img loading="lazy" decoding="async" width="2600" height="986"
                        src="https://www.greenpeace.ch/static/planet4-switzerland-stateless/2019/05/c186916b-gp0stph1q.jpg"
                        alt=""
                        sizes="auto, (min-width: 601px) 50vw, 100vw" srcset="https://www.greenpeace.ch/static/planet4-switzerland-stateless/2019/05/c186916b-gp0stph1q.jpg 2600w, https://www.greenpeace.ch/static/planet4-switzerland-stateless/2019/05/c186916b-gp0stph1q-300x114.jpg 300w, https://www.greenpeace.ch/static/planet4-switzerland-stateless/2019/05/c186916b-gp0stph1q-768x291.jpg 768w, https://www.greenpeace.ch/static/planet4-switzerland-stateless/2019/05/c186916b-gp0stph1q-1024x388.jpg 1024w, https://www.greenpeace.ch/static/planet4-switzerland-stateless/2019/05/c186916b-gp0stph1q-2048x777.jpg 2048w, https://www.greenpeace.ch/static/planet4-switzerland-stateless/2019/05/c186916b-gp0stph1q-510x193.jpg 510w" class="wp-image-1664 size-full"
                    />
                </figure>
                </div>
                
                </div>
                
                </div>
                
                
<h2 class="is-style-underline wp-block-heading">Was bringt ein nachhaltiges Energiekonzept?</h2>

<div class="wp-block-columns has-2-columns is-layout-flex wp-container-core-columns-is-layout-9d6595d7 wp-block-columns-is-layout-flex">
<div class="wp-block-column is-layout-flow wp-block-column-is-layout-flow">
<p>Unter Nachhaltigkeit verstehen wir zukunftsfähiges Handeln und Wirtschaften. Wir wollen möglichst viele Menschen dafür begeistern, mit uns eine saubere Energiezukunft zu gestalten.</p>



<p>Die Klimaerhitzung ist die grösste globale Umweltherausforderung und damit auch eines der wichtigsten Kampagnenthemen für Greenpeace. Gemäss der Erkenntnisse des Weltklimarates IPCC vom September 2013 können die Folgen der Klimaerhitzung auf der ganzen Welt nachgewiesen werden. Die Folgen für die Ökosysteme und damit unsere Lebensgrundlagen werden immer deutlicher: Abschmelzen der Polkappen, Meeresspiegelanstieg und Veränderung des Energiehaushalts der Meere, Auftauen des Permafrosts und Rückgang der Gletscher, Ausbreitung von Wüsten und Zunahme von Dürreperioden, Zunahme von Wetterextremen und viele mehr.</p>



<p>Die wissenschaftliche Evidenz ist klar: Unsere Nachkommen werden bei ungebremster Klimaerhitzung mit kaputten Ökosystemen und lebensbedrohenden Naturkatastrophen zu kämpfen haben.</p>



<p>Greenpeace fordert eine weltweite Energierevolution mit erneuerbaren Energien und einem deutlich niedrigeren Energieverbrauch durch effiziente Energienutzung. Wir müssen die Veränderung leben, die wir in der Welt sehen wollen. Die Energiewende braucht den Beitrag von uns allen.</p>
</div>



<div class="wp-block-column is-layout-flow wp-block-column-is-layout-flow">
<figure class="wp-block-image"><img loading="lazy" decoding="async" width="1024" height="768" src="https://www.greenpeace.ch/static/planet4-switzerland-stateless/2019/05/9a7a6dbb-gp0strupw_high_res-1024x768.jpg" alt="" class="wp-image-28910" srcset="https://www.greenpeace.ch/static/planet4-switzerland-stateless/2019/05/9a7a6dbb-gp0strupw_high_res-1024x768.jpg 1024w, https://www.greenpeace.ch/static/planet4-switzerland-stateless/2019/05/9a7a6dbb-gp0strupw_high_res-300x225.jpg 300w, https://www.greenpeace.ch/static/planet4-switzerland-stateless/2019/05/9a7a6dbb-gp0strupw_high_res-768x576.jpg 768w, https://www.greenpeace.ch/static/planet4-switzerland-stateless/2019/05/9a7a6dbb-gp0strupw_high_res-1821x1366.jpg 1821w, https://www.greenpeace.ch/static/planet4-switzerland-stateless/2019/05/9a7a6dbb-gp0strupw_high_res-453x340.jpg 453w" sizes="auto, (max-width: 1024px) 100vw, 1024px" /></figure>
</div>
</div>

<hr class="wp-block-separator"/>

<h2 class="is-style-default wp-block-heading">Nachhaltigkeit bei Greenpeace Schweiz</h2>

<div class="wp-block-columns has-2-columns is-layout-flex wp-container-core-columns-is-layout-9d6595d7 wp-block-columns-is-layout-flex">
<div class="wp-block-column is-layout-flow wp-block-column-is-layout-flow">
<p>Bereits in ihrem alten Büro hat Greenpeace Schweiz versucht, die Energieeffizienz durch Sanierungen zu verbessern, zum Beispiel durch den Einbau einer Pellet-Heizung oder die bessere Isolierung der Fenster. Doch als Mieter waren uns Grenzen gesetzt.</p>



<p>Deshalb bezieht Greenpeace Schweiz im Sommer 2014 ihre Büros im Neubau der Genossenschaft Kalkbreite. Die Wahl fällt auf die Kalkbreite, weil wir die Visionen dieses nachhaltigen, zukunftsorientierten Projekts teilen. Greenpeace hat sich für den Umzug klare Ziele gesetzt: Durch Nachhaltigkeit, Minergie-P und die 2000-Watt-Gesellschaft soll der Verbrauch pro Quadratmeter bis zu 70 Prozent sinken. Durch die bessere Isolation der Aussenwände und die energieeffiziente Gebäudetechnik sinkt der Verbrauch pro Quadratmeter um tatsächlich 70 Prozent im Vergleich zu vorher. Mit dem Wechsel von fixen zu flexiblen Arbeitsplätzen benötigen wir zudem 33 Prozent weniger Fläche pro MitarbeiterIn. Im Einklang mit den sowohl von Greenpeace als auch der Kalkbreite getragenen Prinzipien der Effizienz und der Suffizienz verringern wir unseren Heizenergieverbrauch um rund 80 Prozent.</p>
</div>



<div class="wp-block-column is-layout-flow wp-block-column-is-layout-flow">
<figure class="wp-block-image"><img loading="lazy" decoding="async" width="1024" height="472" src="https://www.greenpeace.ch/static/planet4-switzerland-stateless/2019/05/ce8fbbec-kalkbreite_heinrichst-1024x472.png" alt="" class="wp-image-1735" srcset="https://www.greenpeace.ch/static/planet4-switzerland-stateless/2019/05/ce8fbbec-kalkbreite_heinrichst-1024x472.png 1024w, https://www.greenpeace.ch/static/planet4-switzerland-stateless/2019/05/ce8fbbec-kalkbreite_heinrichst-300x138.png 300w, https://www.greenpeace.ch/static/planet4-switzerland-stateless/2019/05/ce8fbbec-kalkbreite_heinrichst-768x354.png 768w, https://www.greenpeace.ch/static/planet4-switzerland-stateless/2019/05/ce8fbbec-kalkbreite_heinrichst-510x235.png 510w, https://www.greenpeace.ch/static/planet4-switzerland-stateless/2019/05/ce8fbbec-kalkbreite_heinrichst.png 1201w" sizes="auto, (max-width: 1024px) 100vw, 1024px" /></figure>



<p>Als Umweltorganisation ist uns ein fortschrittliches Energiekonzept wichtig und es ist Teil unserer Arbeit, umweltfreundliche Lösungen aufzuzeigen. Deshalb wollen wir mit gutem Beispiel vorangehen und zeigen, dass Nachhaltigkeit auch im Büroalltag möglich ist.</p>
</div>
</div>

<p>Was bringt ein nachhaltiges Energiekonzept? Unter Nachhaltigkeit verstehen wir zukunftsfähiges Handeln und Wirtschaften. Wir wollen möglichst viele Menschen dafür begeistern, mit uns eine saubere Energiezukunft zu gestalten. Die Klimaerhitzung ist die grösste globale Umweltherausforderung und damit auch eines der wichtigsten Kampagnenthemen für Greenpeace. Gemäss der Erkenntnisse des Weltklimarates IPCC vom September 2013 können die Folgen [&hellip;]</p>
