{"id":123141,"date":"2025-07-03T07:42:50","date_gmt":"2025-07-03T05:42:50","guid":{"rendered":"https:\/\/www.greenpeace.ch\/event\/protestiere-mit-uns-fuer-eine-plastikfreie-zukunft\/"},"modified":"2025-07-04T09:21:00","modified_gmt":"2025-07-04T07:21:00","slug":"manifestation-pour-un-avenir-sans-plastique","status":"publish","type":"gpch_event","link":"https:\/\/www.greenpeace.ch\/fr\/event\/manifestation-pour-un-avenir-sans-plastique\/","title":{"rendered":"Venez manifester avec nous pour un avenir sans plastique"},"content":{"rendered":"\n<p>Ce mois d&rsquo;ao\u00fbt sera une occasion unique de mettre fin \u00e0 l&rsquo;\u00e8re du plastique. Les n\u00e9gociations pour un trait\u00e9 international contre la pollution plastique se tiendront en effet du 5 au 14 ao\u00fbt \u00e0 Gen\u00e8ve. Les gouvernements du monde entier se r\u00e9uniront pour d\u00e9finir les solutions \u00e0 la crise du plastique. Le lobby de l\u2019industrie fossile freine ce processus : il craint pour ses b\u00e9n\u00e9fices, car le plastique est produit \u00e0 partir de p\u00e9trole. Mais notre sant\u00e9 et l&rsquo;avenir de notre plan\u00e8te ne sont pas \u00e0 vendre! C&rsquo;est pourquoi nous exigeons un trait\u00e9 ambitieux qui r\u00e9duise d&rsquo;au moins 75% la production de plastique d&rsquo;ici 2040.<\/p>\n\n<p>Rejoignez-nous lundi 4 ao\u00fbt \u00e0 16h sur la Place des Nations \u00e0 Gen\u00e8ve (<a href=\"https:\/\/www.google.com\/maps\/place\/Place+des+Nations\/@46.222229,6.1326167,16.42z\/data=!4m10!1m2!2m1!1splace+des+nations!3m6!1s0x478c652183125655:0x12250e200c671a90!8m2!3d46.222465!4d6.1388791!15sChFwbGFjZSBkZXMgbmF0aW9uc1oTIhFwbGFjZSBkZXMgbmF0aW9uc5IBEnRvdXJpc3RfYXR0cmFjdGlvbpoBI0NoWkRTVWhOTUc5blMwVkpRMEZuU1VOc1p6WmZWa3hCRUFFqgE5EAEyHhABIhoEfvJEbpSR8_Ey8IiCV_HKdDLBd5VUJFEezTIVEAIiEXBsYWNlIGRlcyBuYXRpb25z4AEA-gEECGoQHA!16s%2Fg%2F11sm6yjrfl?entry=ttu&amp;g_ep=EgoyMDI1MDYyMy4yIKXMDSoASAFQAw%3D%3D\">lien Google Maps<\/a>) pour faire entendre la voix de la soci\u00e9t\u00e9 civile! Portez si possible un t-shirt ou un haut de couleur orange ou rouge, sans logo ni slogan. Merci!&nbsp;&nbsp;<\/p>\n\n<p>Nous nous r\u00e9jouissons de vous voir nombreux pour cette grande manifestation color\u00e9e.<\/p>\n\n<p>Merci et \u00e0 tr\u00e8s bient\u00f4t <\/p>\n\n<p><\/p>\n","protected":false},"excerpt":{"rendered":"<p>\u00a0Manifestation pour un avenir sans plastique<\/p>\n","protected":false},"author":50,"featured_media":123156,"template":"","meta":{"_acf_changed":false,"_planet4_optimize_post_is_variant":false,"_planet4_optimize_experiment_name":"","_planet4_optimize_variant_name":"","ep_exclude_from_search":false,"footnotes":""},"tags":[],"class_list":["post-123141","gpch_event","type-gpch_event","status-publish","has-post-thumbnail","hentry"],"acf":[],"_links":{"self":[{"href":"https:\/\/www.greenpeace.ch\/fr\/wp-json\/wp\/v2\/gpch_event\/123141","targetHints":{"allow":["GET"]}}],"collection":[{"href":"https:\/\/www.greenpeace.ch\/fr\/wp-json\/wp\/v2\/gpch_event"}],"about":[{"href":"https:\/\/www.greenpeace.ch\/fr\/wp-json\/wp\/v2\/types\/gpch_event"}],"author":[{"embeddable":true,"href":"https:\/\/www.greenpeace.ch\/fr\/wp-json\/wp\/v2\/users\/50"}],"version-history":[{"count":6,"href":"https:\/\/www.greenpeace.ch\/fr\/wp-json\/wp\/v2\/gpch_event\/123141\/revisions"}],"predecessor-version":[{"id":123237,"href":"https:\/\/www.greenpeace.ch\/fr\/wp-json\/wp\/v2\/gpch_event\/123141\/revisions\/123237"}],"wp:featuredmedia":[{"embeddable":true,"href":"https:\/\/www.greenpeace.ch\/fr\/wp-json\/wp\/v2\/media\/123156"}],"wp:attachment":[{"href":"https:\/\/www.greenpeace.ch\/fr\/wp-json\/wp\/v2\/media?parent=123141"}],"wp:term":[{"taxonomy":"post_tag","embeddable":true,"href":"https:\/\/www.greenpeace.ch\/fr\/wp-json\/wp\/v2\/tags?post=123141"}],"curies":[{"name":"wp","href":"https:\/\/api.w.org\/{rel}","templated":true}]}}

<p>Ce mois d&rsquo;août sera une occasion unique de mettre fin à l&rsquo;ère du plastique. Les négociations pour un traité international contre la pollution plastique se tiendront en effet du 5 au 14 août à Genève. Les gouvernements du monde entier se réuniront pour définir les solutions à la crise du plastique. Le lobby de l’industrie fossile freine ce processus : il craint pour ses bénéfices, car le plastique est produit à partir de pétrole. Mais notre santé et l&rsquo;avenir de notre planète ne sont pas à vendre! C&rsquo;est pourquoi nous exigeons un traité ambitieux qui réduise d&rsquo;au moins 75% la production de plastique d&rsquo;ici 2040.</p>

<p>Rejoignez-nous lundi 4 août à 16h sur la Place des Nations à Genève (<a href="https://www.google.com/maps/place/Place+des+Nations/@46.222229,6.1326167,16.42z/data=!4m10!1m2!2m1!1splace+des+nations!3m6!1s0x478c652183125655:0x12250e200c671a90!8m2!3d46.222465!4d6.1388791!15sChFwbGFjZSBkZXMgbmF0aW9uc1oTIhFwbGFjZSBkZXMgbmF0aW9uc5IBEnRvdXJpc3RfYXR0cmFjdGlvbpoBI0NoWkRTVWhOTUc5blMwVkpRMEZuU1VOc1p6WmZWa3hCRUFFqgE5EAEyHhABIhoEfvJEbpSR8_Ey8IiCV_HKdDLBd5VUJFEezTIVEAIiEXBsYWNlIGRlcyBuYXRpb25z4AEA-gEECGoQHA!16s%2Fg%2F11sm6yjrfl?entry=ttu&amp;g_ep=EgoyMDI1MDYyMy4yIKXMDSoASAFQAw%3D%3D">lien Google Maps</a>) pour faire entendre la voix de la société civile! Portez si possible un t-shirt ou un haut de couleur orange ou rouge, sans logo ni slogan. Merci!&nbsp;&nbsp;</p>

<p>Nous nous réjouissons de vous voir nombreux pour cette grande manifestation colorée.</p>

<p>Merci et à très bientôt </p>

<p></p>
