{"id":67406,"date":"2021-04-13T08:58:25","date_gmt":"2021-04-13T06:58:25","guid":{"rendered":"https:\/\/www.greenpeace.ch\/event\/webinar-wie-unser-finanzplatz-den-klimawandel-befeuert\/"},"modified":"2021-05-12T10:54:11","modified_gmt":"2021-05-12T08:54:11","slug":"webinaire-comment-place-financiere-contribue-dereglement-climatique","status":"publish","type":"gpch_event","link":"https:\/\/www.greenpeace.ch\/fr\/event\/webinaire-comment-place-financiere-contribue-dereglement-climatique\/","title":{"rendered":"Webinaire: Comment notre place financi\u00e8re contribue au d\u00e9r\u00e8glement climatique"},"content":{"rendered":"\n<p><strong>Lors de cet \u00e9v\u00e9nement, vous apprendrez comment les flux financiers en provenance de Suisse contribuent actuellement au r\u00e9chauffement climatique de 4 \u00e0 6 degr\u00e9s Celsius.<\/strong><\/p>\n\n<p>Nous analysons les r\u00f4les des acteurs et actrices les plus importants tels que les gestionnaires de fonds, les banques de cr\u00e9dit, les r\u00e9gulateurs et la Banque nationale, mais aussi le n\u00f4tre, \u00e9pargnant\u00b7e\u00b7s et assur\u00e9\u00b7e\u00b7s.<\/p>\n\n<p>Et nous cherchons des moyens d&rsquo;inciter les parties prenantes \u00e0 contribuer \u00e0 des flux financiers respectueux du climat.<\/p>\n\n<p>Peter Haberstich, responsable de campagne chez Greenpeace pour la finance durable, introduira le sujet, r\u00e9pondra aux questions et s&rsquo;attend \u00e0 une discussion anim\u00e9e.<\/p>\n\n<p>La participation est gratuite.<\/p>\n\n<p>Inscrivez-vous:<\/p>\n","protected":false},"excerpt":{"rendered":"<p>Lors de cet \u00e9v\u00e9nement, vous apprendrez comment les flux financiers en provenance de Suisse contribuent actuellement au r\u00e9chauffement climatique de 4 \u00e0 6 degr\u00e9s Celsius.<\/p>\n","protected":false},"author":48,"featured_media":67412,"template":"","meta":{"_acf_changed":false,"_planet4_optimize_post_is_variant":false,"_planet4_optimize_experiment_name":"","_planet4_optimize_variant_name":"","ep_exclude_from_search":false,"footnotes":""},"tags":[58,114],"class_list":["post-67406","gpch_event","type-gpch_event","status-publish","has-post-thumbnail","hentry","tag-climat","tag-finance-durable"],"acf":[],"_links":{"self":[{"href":"https:\/\/www.greenpeace.ch\/fr\/wp-json\/wp\/v2\/gpch_event\/67406","targetHints":{"allow":["GET"]}}],"collection":[{"href":"https:\/\/www.greenpeace.ch\/fr\/wp-json\/wp\/v2\/gpch_event"}],"about":[{"href":"https:\/\/www.greenpeace.ch\/fr\/wp-json\/wp\/v2\/types\/gpch_event"}],"author":[{"embeddable":true,"href":"https:\/\/www.greenpeace.ch\/fr\/wp-json\/wp\/v2\/users\/48"}],"version-history":[{"count":0,"href":"https:\/\/www.greenpeace.ch\/fr\/wp-json\/wp\/v2\/gpch_event\/67406\/revisions"}],"wp:featuredmedia":[{"embeddable":true,"href":"https:\/\/www.greenpeace.ch\/fr\/wp-json\/wp\/v2\/media\/67412"}],"wp:attachment":[{"href":"https:\/\/www.greenpeace.ch\/fr\/wp-json\/wp\/v2\/media?parent=67406"}],"wp:term":[{"taxonomy":"post_tag","embeddable":true,"href":"https:\/\/www.greenpeace.ch\/fr\/wp-json\/wp\/v2\/tags?post=67406"}],"curies":[{"name":"wp","href":"https:\/\/api.w.org\/{rel}","templated":true}]}}

Webinaire: Comment notre place financière contribue au dérèglement climatique

<p><strong>Lors de cet événement, vous apprendrez comment les flux financiers en provenance de Suisse contribuent actuellement au réchauffement climatique de 4 à 6 degrés Celsius.</strong></p>

<p>Nous analysons les rôles des acteurs et actrices les plus importants tels que les gestionnaires de fonds, les banques de crédit, les régulateurs et la Banque nationale, mais aussi le nôtre, épargnant·e·s et assuré·e·s.</p>

<p>Et nous cherchons des moyens d&rsquo;inciter les parties prenantes à contribuer à des flux financiers respectueux du climat.</p>

<p>Peter Haberstich, responsable de campagne chez Greenpeace pour la finance durable, introduira le sujet, répondra aux questions et s&rsquo;attend à une discussion animée.</p>

<p>La participation est gratuite.</p>

<p>Inscrivez-vous:</p>

<p>Lors de cet événement, vous apprendrez comment les flux financiers en provenance de Suisse contribuent actuellement au réchauffement climatique de 4 à 6 degrés Celsius.</p>
