{"id":39130,"date":"2019-07-24T13:09:04","date_gmt":"2019-07-24T11:09:04","guid":{"rendered":"https:\/\/www.greenpeace.ch\/agir\/benevole\/valais\/"},"modified":"2025-05-05T12:07:19","modified_gmt":"2025-05-05T10:07:19","slug":"valais","status":"publish","type":"page","link":"https:\/\/www.greenpeace.ch\/fr\/agir\/benevole\/valais\/","title":{"rendered":"Valais"},"content":{"rendered":"\n                \n                <div class=\"wp-block-group alignfull is-layout-flow wp-block-group-is-layout-flow\">\n                \n                <div class=\"wp-block-group container is-layout-flow wp-block-group-is-layout-flow\">\n                \n                <div class=\"wp-block-media-text alignfull has-media-on-the-right is-stacked-on-mobile is-pattern-p4-page-header is-style-parallax\">\n\n                <div class=\"wp-block-media-text__content\">\n                    <div class=\"wp-block-group is-layout-flow wp-block-group-is-layout-flow\">\n                    \n                        <h1 class=\"wp-block-heading has-white-background-color has-background\">\n                            Groupe r\u00e9gional Valais\n                        <\/h1>\n                    <\/div>\n                \n\n                \n\n                \n\n                <\/div>\n                <figure class=\"wp-block-media-text__media\">\n                    <img loading=\"lazy\" decoding=\"async\" width=\"2048\" height=\"1463\"\n                        src=\"https:\/\/www.greenpeace.ch\/static\/planet4-switzerland-stateless\/2019\/07\/002d61bb-valais_20190315_01.jpg\"\n                        alt=\"\"\n                        sizes=\"auto, (min-width: 601px) 50vw, 100vw\" srcset=\"https:\/\/www.greenpeace.ch\/static\/planet4-switzerland-stateless\/2019\/07\/002d61bb-valais_20190315_01.jpg 2048w, https:\/\/www.greenpeace.ch\/static\/planet4-switzerland-stateless\/2019\/07\/002d61bb-valais_20190315_01-300x214.jpg 300w, https:\/\/www.greenpeace.ch\/static\/planet4-switzerland-stateless\/2019\/07\/002d61bb-valais_20190315_01-768x549.jpg 768w, https:\/\/www.greenpeace.ch\/static\/planet4-switzerland-stateless\/2019\/07\/002d61bb-valais_20190315_01-1024x732.jpg 1024w, https:\/\/www.greenpeace.ch\/static\/planet4-switzerland-stateless\/2019\/07\/002d61bb-valais_20190315_01-1912x1366.jpg 1912w, https:\/\/www.greenpeace.ch\/static\/planet4-switzerland-stateless\/2019\/07\/002d61bb-valais_20190315_01-476x340.jpg 476w\" class=\"wp-image-32957 size-full\"\n                    \/>\n                <\/figure>\n                <\/div>\n                \n                <\/div>\n                \n                <\/div>\n                \n                \n<div class=\"wp-block-columns has-2-columns is-layout-flex wp-container-core-columns-is-layout-9d6595d7 wp-block-columns-is-layout-flex\">\n<div class=\"wp-block-column is-layout-flow wp-block-column-is-layout-flow\">\n<figure class=\"wp-block-image\"><img loading=\"lazy\" decoding=\"async\" width=\"960\" height=\"720\" src=\"https:\/\/www.greenpeace.ch\/static\/planet4-switzerland-stateless\/2019\/07\/07898b74-valais_20190713_01.jpg\" alt=\"\" class=\"wp-image-32956\" srcset=\"https:\/\/www.greenpeace.ch\/static\/planet4-switzerland-stateless\/2019\/07\/07898b74-valais_20190713_01.jpg 960w, https:\/\/www.greenpeace.ch\/static\/planet4-switzerland-stateless\/2019\/07\/07898b74-valais_20190713_01-300x225.jpg 300w, https:\/\/www.greenpeace.ch\/static\/planet4-switzerland-stateless\/2019\/07\/07898b74-valais_20190713_01-768x576.jpg 768w, https:\/\/www.greenpeace.ch\/static\/planet4-switzerland-stateless\/2019\/07\/07898b74-valais_20190713_01-453x340.jpg 453w\" sizes=\"auto, (max-width: 960px) 100vw, 960px\" \/><\/figure>\n\n\n\n<p><\/p>\n<\/div>\n\n\n\n<div class=\"wp-block-column is-layout-flow wp-block-column-is-layout-flow\">\n<figure class=\"wp-block-image\"><img loading=\"lazy\" decoding=\"async\" width=\"1024\" height=\"768\" src=\"https:\/\/www.greenpeace.ch\/static\/planet4-switzerland-stateless\/2019\/07\/51055d19-valais_20160204_01-1024x768.jpg\" alt=\"\" class=\"wp-image-32959\" srcset=\"https:\/\/www.greenpeace.ch\/static\/planet4-switzerland-stateless\/2019\/07\/51055d19-valais_20160204_01-1024x768.jpg 1024w, https:\/\/www.greenpeace.ch\/static\/planet4-switzerland-stateless\/2019\/07\/51055d19-valais_20160204_01-300x225.jpg 300w, https:\/\/www.greenpeace.ch\/static\/planet4-switzerland-stateless\/2019\/07\/51055d19-valais_20160204_01-768x576.jpg 768w, https:\/\/www.greenpeace.ch\/static\/planet4-switzerland-stateless\/2019\/07\/51055d19-valais_20160204_01-1821x1366.jpg 1821w, https:\/\/www.greenpeace.ch\/static\/planet4-switzerland-stateless\/2019\/07\/51055d19-valais_20160204_01-453x340.jpg 453w, https:\/\/www.greenpeace.ch\/static\/planet4-switzerland-stateless\/2019\/07\/51055d19-valais_20160204_01.jpg 2048w\" sizes=\"auto, (max-width: 1024px) 100vw, 1024px\" \/><\/figure>\n\n\n\n<p><\/p>\n<\/div>\n<\/div>\n\n<h2 class=\"is-style-underline wp-block-heading\"><strong>As-tu envie de t&rsquo;engager?\u00a0<\/strong><\/h2>\n\n<div class=\"wp-block-columns has-2-columns is-layout-flex wp-container-core-columns-is-layout-9d6595d7 wp-block-columns-is-layout-flex\">\n<div class=\"wp-block-column is-layout-flow wp-block-column-is-layout-flow\">\n<p>Greenpeace est une organisation \u00e9cologiste internationale et ind\u00e9pendante qui d\u00e9nonce des probl\u00e8mes \u00e9cologiques globaux et promeut des solutions pour un avenir \u00e9cologique et pacifique, au moyen de confrontations non-violentes et cr\u00e9atives, ainsi qu\u2019une pr\u00e9sence m\u00e9diatique cibl\u00e9e.<\/p>\n<\/div>\n\n\n\n<div class=\"wp-block-column is-layout-flow wp-block-column-is-layout-flow\">\n<p>Nous nous r\u00e9jouissons d\u2019ores et d\u00e9j\u00e0 de ta participation active dans la lutte pour la protection de l\u2019environnement.<\/p>\n\n\n\n<p><strong><a href=\"mailto:benevolat@greenpeace.ch\">benevolat@greenpeace.ch<\/a><\/strong><\/p>\n<\/div>\n<\/div>\n","protected":false},"excerpt":{"rendered":"<p>As-tu envie de t&rsquo;engager?\u00a0 Greenpeace est une organisation \u00e9cologiste internationale et ind\u00e9pendante qui d\u00e9nonce des probl\u00e8mes \u00e9cologiques globaux et promeut des solutions pour un avenir \u00e9cologique et pacifique, au moyen de confrontations non-violentes et cr\u00e9atives, ainsi qu\u2019une pr\u00e9sence m\u00e9diatique cibl\u00e9e. Nous nous r\u00e9jouissons d\u2019ores et d\u00e9j\u00e0 de ta participation active dans la lutte pour la [&hellip;]<\/p>\n","protected":false},"author":24,"featured_media":0,"parent":33100,"menu_order":10,"comment_status":"closed","ping_status":"closed","template":"","meta":{"_acf_changed":false,"_planet4_optimize_post_is_variant":false,"_planet4_optimize_experiment_name":"","_planet4_optimize_variant_name":"","ep_exclude_from_search":false,"p4_hide_page_title_checkbox":"on","p4_title":"","p4_subtitle":"","p4_description":"","background_image_id":"","background_image":"","p4_button_title":"","p4_button_link":"","p4_button_link_checkbox":"","p4_og_title":"","p4_og_description":"","p4_og_image":"","p4_og_image_id":"","p4_seo_canonical_url":"","p4_campaign_name":"not set","p4_local_project":"","p4_basket_name":"not set","p4_department":"","footnotes":""},"categories":[],"tags":[],"class_list":["post-39130","page","type-page","status-publish","hentry"],"acf":[],"_links":{"self":[{"href":"https:\/\/www.greenpeace.ch\/fr\/wp-json\/wp\/v2\/pages\/39130","targetHints":{"allow":["GET"]}}],"collection":[{"href":"https:\/\/www.greenpeace.ch\/fr\/wp-json\/wp\/v2\/pages"}],"about":[{"href":"https:\/\/www.greenpeace.ch\/fr\/wp-json\/wp\/v2\/types\/page"}],"author":[{"embeddable":true,"href":"https:\/\/www.greenpeace.ch\/fr\/wp-json\/wp\/v2\/users\/24"}],"replies":[{"embeddable":true,"href":"https:\/\/www.greenpeace.ch\/fr\/wp-json\/wp\/v2\/comments?post=39130"}],"version-history":[{"count":2,"href":"https:\/\/www.greenpeace.ch\/fr\/wp-json\/wp\/v2\/pages\/39130\/revisions"}],"predecessor-version":[{"id":119886,"href":"https:\/\/www.greenpeace.ch\/fr\/wp-json\/wp\/v2\/pages\/39130\/revisions\/119886"}],"up":[{"embeddable":true,"href":"https:\/\/www.greenpeace.ch\/fr\/wp-json\/wp\/v2\/pages\/33100"}],"wp:attachment":[{"href":"https:\/\/www.greenpeace.ch\/fr\/wp-json\/wp\/v2\/media?parent=39130"}],"wp:term":[{"taxonomy":"category","embeddable":true,"href":"https:\/\/www.greenpeace.ch\/fr\/wp-json\/wp\/v2\/categories?post=39130"},{"taxonomy":"post_tag","embeddable":true,"href":"https:\/\/www.greenpeace.ch\/fr\/wp-json\/wp\/v2\/tags?post=39130"}],"curies":[{"name":"wp","href":"https:\/\/api.w.org\/{rel}","templated":true}]}}

<div class="wp-block-group alignfull is-layout-flow wp-block-group-is-layout-flow">
                
                <div class="wp-block-group container is-layout-flow wp-block-group-is-layout-flow">
                
                <div class="wp-block-media-text alignfull has-media-on-the-right is-stacked-on-mobile is-pattern-p4-page-header is-style-parallax">

                <div class="wp-block-media-text__content">
                    <div class="wp-block-group is-layout-flow wp-block-group-is-layout-flow">
                    
                        <h1 class="wp-block-heading has-white-background-color has-background">
                            Groupe régional Valais
                        </h1>
                    </div>
                

                

                

                </div>
                <figure class="wp-block-media-text__media">
                    <img loading="lazy" decoding="async" width="2048" height="1463"
                        src="https://www.greenpeace.ch/static/planet4-switzerland-stateless/2019/07/002d61bb-valais_20190315_01.jpg"
                        alt=""
                        sizes="auto, (min-width: 601px) 50vw, 100vw" srcset="https://www.greenpeace.ch/static/planet4-switzerland-stateless/2019/07/002d61bb-valais_20190315_01.jpg 2048w, https://www.greenpeace.ch/static/planet4-switzerland-stateless/2019/07/002d61bb-valais_20190315_01-300x214.jpg 300w, https://www.greenpeace.ch/static/planet4-switzerland-stateless/2019/07/002d61bb-valais_20190315_01-768x549.jpg 768w, https://www.greenpeace.ch/static/planet4-switzerland-stateless/2019/07/002d61bb-valais_20190315_01-1024x732.jpg 1024w, https://www.greenpeace.ch/static/planet4-switzerland-stateless/2019/07/002d61bb-valais_20190315_01-1912x1366.jpg 1912w, https://www.greenpeace.ch/static/planet4-switzerland-stateless/2019/07/002d61bb-valais_20190315_01-476x340.jpg 476w" class="wp-image-32957 size-full"
                    />
                </figure>
                </div>
                
                </div>
                
                </div>
                
                
<div class="wp-block-columns has-2-columns is-layout-flex wp-container-core-columns-is-layout-9d6595d7 wp-block-columns-is-layout-flex">
<div class="wp-block-column is-layout-flow wp-block-column-is-layout-flow">
<figure class="wp-block-image"><img loading="lazy" decoding="async" width="960" height="720" src="https://www.greenpeace.ch/static/planet4-switzerland-stateless/2019/07/07898b74-valais_20190713_01.jpg" alt="" class="wp-image-32956" srcset="https://www.greenpeace.ch/static/planet4-switzerland-stateless/2019/07/07898b74-valais_20190713_01.jpg 960w, https://www.greenpeace.ch/static/planet4-switzerland-stateless/2019/07/07898b74-valais_20190713_01-300x225.jpg 300w, https://www.greenpeace.ch/static/planet4-switzerland-stateless/2019/07/07898b74-valais_20190713_01-768x576.jpg 768w, https://www.greenpeace.ch/static/planet4-switzerland-stateless/2019/07/07898b74-valais_20190713_01-453x340.jpg 453w" sizes="auto, (max-width: 960px) 100vw, 960px" /></figure>



<p></p>
</div>



<div class="wp-block-column is-layout-flow wp-block-column-is-layout-flow">
<figure class="wp-block-image"><img loading="lazy" decoding="async" width="1024" height="768" src="https://www.greenpeace.ch/static/planet4-switzerland-stateless/2019/07/51055d19-valais_20160204_01-1024x768.jpg" alt="" class="wp-image-32959" srcset="https://www.greenpeace.ch/static/planet4-switzerland-stateless/2019/07/51055d19-valais_20160204_01-1024x768.jpg 1024w, https://www.greenpeace.ch/static/planet4-switzerland-stateless/2019/07/51055d19-valais_20160204_01-300x225.jpg 300w, https://www.greenpeace.ch/static/planet4-switzerland-stateless/2019/07/51055d19-valais_20160204_01-768x576.jpg 768w, https://www.greenpeace.ch/static/planet4-switzerland-stateless/2019/07/51055d19-valais_20160204_01-1821x1366.jpg 1821w, https://www.greenpeace.ch/static/planet4-switzerland-stateless/2019/07/51055d19-valais_20160204_01-453x340.jpg 453w, https://www.greenpeace.ch/static/planet4-switzerland-stateless/2019/07/51055d19-valais_20160204_01.jpg 2048w" sizes="auto, (max-width: 1024px) 100vw, 1024px" /></figure>



<p></p>
</div>
</div>

<h2 class="is-style-underline wp-block-heading"><strong>As-tu envie de t&rsquo;engager? </strong></h2>

<div class="wp-block-columns has-2-columns is-layout-flex wp-container-core-columns-is-layout-9d6595d7 wp-block-columns-is-layout-flex">
<div class="wp-block-column is-layout-flow wp-block-column-is-layout-flow">
<p>Greenpeace est une organisation écologiste internationale et indépendante qui dénonce des problèmes écologiques globaux et promeut des solutions pour un avenir écologique et pacifique, au moyen de confrontations non-violentes et créatives, ainsi qu’une présence médiatique ciblée.</p>
</div>



<div class="wp-block-column is-layout-flow wp-block-column-is-layout-flow">
<p>Nous nous réjouissons d’ores et déjà de ta participation active dans la lutte pour la protection de l’environnement.</p>



<p><strong><a href="mailto:benevolat@greenpeace.ch">benevolat@greenpeace.ch</a></strong></p>
</div>
</div>

<p>As-tu envie de t&rsquo;engager?  Greenpeace est une organisation écologiste internationale et indépendante qui dénonce des problèmes écologiques globaux et promeut des solutions pour un avenir écologique et pacifique, au moyen de confrontations non-violentes et créatives, ainsi qu’une présence médiatique ciblée. Nous nous réjouissons d’ores et déjà de ta participation active dans la lutte pour la [&hellip;]</p>
