{"id":40759,"date":"2019-12-17T12:54:34","date_gmt":"2019-12-17T10:54:34","guid":{"rendered":"https:\/\/www.greenpeace.ch\/agir\/fuer-eine-plastikfreie-zukunft\/mache-mit-beim-weltweiten-brand-audit\/"},"modified":"2020-01-08T12:00:00","modified_gmt":"2020-01-08T10:00:00","slug":"participez-audit-entreprises-plastique","status":"publish","type":"page","link":"https:\/\/www.greenpeace.ch\/fr\/agir\/pour-avenir-sans-plastique\/participez-audit-entreprises-plastique\/","title":{"rendered":"Participez au Mouvement d\u2019audit des entreprises du plastique"},"content":{"rendered":"\n<div class=\"wp-block-columns is-layout-flex wp-container-core-columns-is-layout-9d6595d7 wp-block-columns-is-layout-flex\">\n<div class=\"wp-block-column is-layout-flow wp-block-column-is-layout-flow\">\n<p>Le projet de science citoyenne qui recense les pires pollueurs par le plastique, vous connaissez&nbsp;? Le travail effectu\u00e9 par l&rsquo;homme de la rue change r\u00e9ellement les choses, et les m\u00e9dias comme <a href=\"https:\/\/www.forbes.com\/sites\/trevornace\/2019\/10\/29\/coca-cola-named-the-worlds-most-polluting-brand-in-plastic-waste-audit\/#2810f77574e0\/\">Forbes<\/a>, le <a href=\"https:\/\/www.youtube.com\/watch?v=rvxufZe8ctU\">Philippine Daily Inquirer<\/a>, <a href=\"https:\/\/www.vice.com\/en_asia\/article\/d3ae8q\/coca-cola-nestle-pepsico-worlds-top-plastic-polluters-2019\">Vice<\/a> et beaucoup d\u2019autres en ont pris acte&nbsp;!<\/p>\n\n\n\n<p>Les militants de la science citoyenne ne s\u2019occupent pas seulement de nettoyer les rives de leurs fleuves, les parcs et les plages. Ils profitent aussi de leurs activit\u00e9s pour identifier les entreprises qui polluent leurs villes. <\/p>\n\n\n\n<p>En 2018 et 2019, des milliers de personnes, partout dans le monde, se sont r\u00e9unies pour r\u00e9aliser des centaines d\u2019audits de marques et dresser un palmar\u00e8s des plus grands pollueurs de la plan\u00e8te, avec pour r\u00e9sultat un rapport sur les marques en <a href=\"https:\/\/www.breakfreefromplastic.org\/globalbrandauditreport2018\/\">2018<\/a> et un autre en <a href=\"https:\/\/www.breakfreefromplastic.org\/globalbrandauditreport2019\/\">2019<\/a>. En classant les emballages plastique par marque et en les comptant, les participants \u00e0 ces op\u00e9rations ont permis d\u2019identifier les entreprises les plus pollueuses.<\/p>\n\n\n\n<p>Vous avez envie de participer&nbsp;? La bo\u00eete \u00e0 outils \u00ab&nbsp;<a href=\"https:\/\/www.breakfreefromplastic.org\/brandaudittoolkit\/\">Break Free From Plastic&nbsp;\u00bb pour l\u2019audit des entreprises <\/a>contient un guide qui vous expliquera les diff\u00e9rentes \u00e9tapes \u00e0 mettre en \u0153uvre pour organiser ce genre d\u2019op\u00e9ration dans votre territoire, de la pr\u00e9paration initiale jusqu&rsquo;\u00e0 la remise des donn\u00e9es. Vous pourrez aussi savoir s\u2019il y a d\u00e9j\u00e0 d\u2019autres personnes engag\u00e9es dans ce mouvement pr\u00e8s de chez vous. Nous savons qu\u2019elles seraient enchant\u00e9es que vous leur donniez un coup de main&nbsp;! <\/p>\n<\/div>\n\n\n\n<div class=\"wp-block-column is-layout-flow wp-block-column-is-layout-flow\">\n<figure class=\"wp-block-image size-large  caption-style-blue-overlay caption-alignment-center\"><img loading=\"lazy\" decoding=\"async\" width=\"1024\" height=\"683\" src=\"https:\/\/www.greenpeace.ch\/static\/planet4-switzerland-stateless\/2019\/12\/455c6ad5-gp0stsfmp-1024x683.jpg\" alt=\"\" class=\"wp-image-40283\" srcset=\"https:\/\/www.greenpeace.ch\/static\/planet4-switzerland-stateless\/2019\/12\/455c6ad5-gp0stsfmp-1024x683.jpg 1024w, https:\/\/www.greenpeace.ch\/static\/planet4-switzerland-stateless\/2019\/12\/455c6ad5-gp0stsfmp-300x200.jpg 300w, https:\/\/www.greenpeace.ch\/static\/planet4-switzerland-stateless\/2019\/12\/455c6ad5-gp0stsfmp-768x512.jpg 768w, https:\/\/www.greenpeace.ch\/static\/planet4-switzerland-stateless\/2019\/12\/455c6ad5-gp0stsfmp-510x340.jpg 510w, https:\/\/www.greenpeace.ch\/static\/planet4-switzerland-stateless\/2019\/12\/455c6ad5-gp0stsfmp.jpg 1200w\" sizes=\"auto, (max-width: 1024px) 100vw, 1024px\" \/><figcaption>Des b\u00e9n\u00e9voles Greenpeace effectuent une v\u00e9rification des incendies lors de la Journ\u00e9e internationale du nettoyage \u00e0 la plage de Wonnapa, dans la province de Chonburi.<\/figcaption><\/figure>\n<\/div>\n<\/div>\n<div data-render=\"planet4-blocks\/columns\" data-attributes=\"{&quot;attributes&quot;:{&quot;columns_block_style&quot;:&quot;image&quot;,&quot;columns_title&quot;:&quot;Plus de possibilit\\u00e9s d\\u2019action&quot;,&quot;columns&quot;:[{&quot;title&quot;:&quot;Tout savoir sur la pollution par le plastique&quot;,&quot;description&quot;:&quot;Le plastique pollue tous les coins de la terre. Que ce soit au fond de l\\u2019oc\\u00e9an, sur les sentiers forestiers isol\\u00e9s, sur la glace arctique ou sur les plages des \\u00eeles o\\u00f9 nichent les tortues g\\u00e9antes : les d\\u00e9chets plastiques sont partout.&quot;,&quot;attachment&quot;:&quot;https:\\\/\\\/www.greenpeace.ch\\\/static\\\/planet4-switzerland-stateless\\\/2019\\\/10\\\/e12d38b9-gp0stqs0e-510x340.jpg&quot;,&quot;cta_link&quot;:&quot;https:\\\/\\\/www.greenpeace.ch\\\/fr\\\/agir\\\/pour-avenir-sans-plastique\\\/tout-savoir-pollution-plastique\\\/&quot;,&quot;link_new_tab&quot;:false,&quot;cta_text&quot;:&quot;Agir&quot;,&quot;attachment_srcset&quot;:&quot;https:\\\/\\\/www.greenpeace.ch\\\/static\\\/planet4-switzerland-stateless\\\/2019\\\/10\\\/e12d38b9-gp0stqs0e-510x340.jpg 510w, https:\\\/\\\/www.greenpeace.ch\\\/static\\\/planet4-switzerland-stateless\\\/2019\\\/10\\\/e12d38b9-gp0stqs0e-300x200.jpg 300w, https:\\\/\\\/www.greenpeace.ch\\\/static\\\/planet4-switzerland-stateless\\\/2019\\\/10\\\/e12d38b9-gp0stqs0e-1024x683.jpg 1024w, https:\\\/\\\/www.greenpeace.ch\\\/static\\\/planet4-switzerland-stateless\\\/2019\\\/10\\\/e12d38b9-gp0stqs0e-768x512.jpg 768w, https:\\\/\\\/www.greenpeace.ch\\\/static\\\/planet4-switzerland-stateless\\\/2019\\\/10\\\/e12d38b9-gp0stqs0e.jpg 1200w&quot;},{&quot;title&quot;:&quot;Organiser un \\u00e9v\\u00e9nement z\\u00e9ro d\\u00e9chets&quot;,&quot;description&quot;:&quot;Qu\\u2019il s\\u2019agisse d\\u2019un d\\u00eener, d\\u2019un pique-nique en plein air ou d\\u2019une r\\u00e9union de grand groupe : se passer de plastique ne signifie pas se passer de plaisir. Au contraire : c\\u2019est une invitation \\u00e0 la cr\\u00e9ativit\\u00e9!&quot;,&quot;attachment&quot;:&quot;https:\\\/\\\/www.greenpeace.ch\\\/static\\\/planet4-switzerland-stateless\\\/2019\\\/10\\\/2cc46838-gp0sttm6m-510x340.jpg&quot;,&quot;cta_link&quot;:&quot;https:\\\/\\\/www.greenpeace.ch\\\/fr\\\/agir\\\/pour-avenir-sans-plastique\\\/evennement-zero-dechets\\\/&quot;,&quot;link_new_tab&quot;:false,&quot;cta_text&quot;:&quot;Agir&quot;,&quot;attachment_srcset&quot;:&quot;https:\\\/\\\/www.greenpeace.ch\\\/static\\\/planet4-switzerland-stateless\\\/2019\\\/10\\\/2cc46838-gp0sttm6m-510x340.jpg 510w, https:\\\/\\\/www.greenpeace.ch\\\/static\\\/planet4-switzerland-stateless\\\/2019\\\/10\\\/2cc46838-gp0sttm6m-300x200.jpg 300w, https:\\\/\\\/www.greenpeace.ch\\\/static\\\/planet4-switzerland-stateless\\\/2019\\\/10\\\/2cc46838-gp0sttm6m-1024x683.jpg 1024w, https:\\\/\\\/www.greenpeace.ch\\\/static\\\/planet4-switzerland-stateless\\\/2019\\\/10\\\/2cc46838-gp0sttm6m-768x512.jpg 768w, https:\\\/\\\/www.greenpeace.ch\\\/static\\\/planet4-switzerland-stateless\\\/2019\\\/10\\\/2cc46838-gp0sttm6m.jpg 1200w&quot;},{&quot;title&quot;:&quot;Misez sur les plats \\u00e0 emporter&quot;,&quot;description&quot;:&quot;Relevez le d\\u00e9fi des contenants r\\u00e9utilisables et faites partie du mouvement qui change nos habitudes alimentaires ! Ainsi, le r\\u00e9utilisable devient la voie normale.&quot;,&quot;attachment&quot;:&quot;https:\\\/\\\/www.greenpeace.ch\\\/static\\\/planet4-switzerland-stateless\\\/2019\\\/10\\\/adf7d427-gp0sttj65-510x340.jpg&quot;,&quot;cta_link&quot;:&quot;https:\\\/\\\/www.greenpeace.ch\\\/fr\\\/agir\\\/pour-avenir-sans-plastique\\\/misez-plats-emporter\\\/&quot;,&quot;link_new_tab&quot;:false,&quot;cta_text&quot;:&quot;Agir&quot;,&quot;attachment_srcset&quot;:&quot;https:\\\/\\\/www.greenpeace.ch\\\/static\\\/planet4-switzerland-stateless\\\/2019\\\/10\\\/adf7d427-gp0sttj65-510x340.jpg 510w, https:\\\/\\\/www.greenpeace.ch\\\/static\\\/planet4-switzerland-stateless\\\/2019\\\/10\\\/adf7d427-gp0sttj65-300x200.jpg 300w, https:\\\/\\\/www.greenpeace.ch\\\/static\\\/planet4-switzerland-stateless\\\/2019\\\/10\\\/adf7d427-gp0sttj65-1024x683.jpg 1024w, https:\\\/\\\/www.greenpeace.ch\\\/static\\\/planet4-switzerland-stateless\\\/2019\\\/10\\\/adf7d427-gp0sttj65-768x512.jpg 768w, https:\\\/\\\/www.greenpeace.ch\\\/static\\\/planet4-switzerland-stateless\\\/2019\\\/10\\\/adf7d427-gp0sttj65.jpg 1200w&quot;},{&quot;title&quot;:&quot;Invitez votre supermarch\\u00e9 \\u00e0 participer&quot;,&quot;description&quot;:&quot;Relevez le d\\u00e9fi des contenants consign\\u00e9s et faites partie du mouvement qui change nos habitudes d\\u2019achat au supermarch\\u00e9.&quot;,&quot;attachment&quot;:&quot;https:\\\/\\\/www.greenpeace.ch\\\/static\\\/planet4-switzerland-stateless\\\/2019\\\/12\\\/2565ae6e-gp0sttopv-510x340-510x340.jpg&quot;,&quot;cta_link&quot;:&quot;https:\\\/\\\/www.greenpeace.ch\\\/fr\\\/agir\\\/pour-avenir-sans-plastique\\\/invitez-supermarche-participer\\\/&quot;,&quot;cta_text&quot;:&quot;Agir&quot;,&quot;link_new_tab&quot;:true,&quot;attachment_srcset&quot;:&quot;https:\\\/\\\/www.greenpeace.ch\\\/static\\\/planet4-switzerland-stateless\\\/2019\\\/12\\\/2565ae6e-gp0sttopv-510x340.jpg 510w, https:\\\/\\\/www.greenpeace.ch\\\/static\\\/planet4-switzerland-stateless\\\/2019\\\/12\\\/2565ae6e-gp0sttopv-510x340-300x200.jpg 300w&quot;}]}}\"><\/div><div data-render=\"planet4-blocks\/columns\" data-attributes=\"{&quot;attributes&quot;:{&quot;columns_block_style&quot;:&quot;image&quot;,&quot;columns&quot;:[{&quot;title&quot;:&quot;&quot;,&quot;description&quot;:&quot;&quot;,&quot;attachment&quot;:0,&quot;cta_link&quot;:&quot;\\\/international\\\/campaign\\\/challenge-local-supermarkets\\\/&quot;,&quot;link_new_tab&quot;:false,&quot;cta_text&quot;:&quot;&quot;},{&quot;title&quot;:&quot;&quot;,&quot;description&quot;:&quot;&quot;,&quot;attachment&quot;:0,&quot;cta_link&quot;:&quot;\\\/international\\\/campaign\\\/single-use-ban-in-your-community\\\/&quot;,&quot;link_new_tab&quot;:false,&quot;cta_text&quot;:&quot;&quot;},{&quot;title&quot;:&quot;&quot;,&quot;link_new_tab&quot;:false,&quot;description&quot;:&quot;&quot;,&quot;attachment&quot;:0,&quot;cta_text&quot;:&quot;&quot;,&quot;cta_link&quot;:&quot;\\\/international\\\/campaign\\\/tools-for-teachers\\\/&quot;}]}}\"><\/div>","protected":false},"excerpt":{"rendered":"<p>Le projet de science citoyenne qui recense les pires pollueurs par le plastique, vous connaissez&nbsp;? Le travail effectu\u00e9 par l&rsquo;homme de la rue change r\u00e9ellement les choses, et les m\u00e9dias comme Forbes, le Philippine Daily Inquirer, Vice et beaucoup d\u2019autres en ont pris acte&nbsp;! Les militants de la science citoyenne ne s\u2019occupent pas seulement de [&hellip;]<\/p>\n","protected":false},"author":50,"featured_media":0,"parent":32836,"menu_order":0,"comment_status":"closed","ping_status":"closed","template":"","meta":{"_acf_changed":false,"_planet4_optimize_post_is_variant":false,"_planet4_optimize_experiment_name":"","_planet4_optimize_variant_name":"","ep_exclude_from_search":false,"p4_hide_page_title_checkbox":"","p4_title":"","p4_subtitle":"","p4_description":"","background_image_id":"","background_image":"","p4_button_title":"","p4_button_link":"","p4_button_link_checkbox":"","p4_og_title":"","p4_og_description":"","p4_og_image":"","p4_og_image_id":"","p4_seo_canonical_url":"","p4_campaign_name":"not set","p4_local_project":"","p4_basket_name":"not set","p4_department":"","footnotes":""},"categories":[],"tags":[74],"class_list":["post-40759","page","type-page","status-publish","hentry","tag-zero-dechet"],"acf":[],"_links":{"self":[{"href":"https:\/\/www.greenpeace.ch\/fr\/wp-json\/wp\/v2\/pages\/40759","targetHints":{"allow":["GET"]}}],"collection":[{"href":"https:\/\/www.greenpeace.ch\/fr\/wp-json\/wp\/v2\/pages"}],"about":[{"href":"https:\/\/www.greenpeace.ch\/fr\/wp-json\/wp\/v2\/types\/page"}],"author":[{"embeddable":true,"href":"https:\/\/www.greenpeace.ch\/fr\/wp-json\/wp\/v2\/users\/50"}],"replies":[{"embeddable":true,"href":"https:\/\/www.greenpeace.ch\/fr\/wp-json\/wp\/v2\/comments?post=40759"}],"version-history":[{"count":0,"href":"https:\/\/www.greenpeace.ch\/fr\/wp-json\/wp\/v2\/pages\/40759\/revisions"}],"up":[{"embeddable":true,"href":"https:\/\/www.greenpeace.ch\/fr\/wp-json\/wp\/v2\/pages\/32836"}],"wp:attachment":[{"href":"https:\/\/www.greenpeace.ch\/fr\/wp-json\/wp\/v2\/media?parent=40759"}],"wp:term":[{"taxonomy":"category","embeddable":true,"href":"https:\/\/www.greenpeace.ch\/fr\/wp-json\/wp\/v2\/categories?post=40759"},{"taxonomy":"post_tag","embeddable":true,"href":"https:\/\/www.greenpeace.ch\/fr\/wp-json\/wp\/v2\/tags?post=40759"}],"curies":[{"name":"wp","href":"https:\/\/api.w.org\/{rel}","templated":true}]}}

<div class="wp-block-columns is-layout-flex wp-container-core-columns-is-layout-9d6595d7 wp-block-columns-is-layout-flex">
<div class="wp-block-column is-layout-flow wp-block-column-is-layout-flow">
<p>Le projet de science citoyenne qui recense les pires pollueurs par le plastique, vous connaissez&nbsp;? Le travail effectué par l&rsquo;homme de la rue change réellement les choses, et les médias comme <a href="https://www.forbes.com/sites/trevornace/2019/10/29/coca-cola-named-the-worlds-most-polluting-brand-in-plastic-waste-audit/#2810f77574e0/">Forbes</a>, le <a href="https://www.youtube.com/watch?v=rvxufZe8ctU">Philippine Daily Inquirer</a>, <a href="https://www.vice.com/en_asia/article/d3ae8q/coca-cola-nestle-pepsico-worlds-top-plastic-polluters-2019">Vice</a> et beaucoup d’autres en ont pris acte&nbsp;!</p>



<p>Les militants de la science citoyenne ne s’occupent pas seulement de nettoyer les rives de leurs fleuves, les parcs et les plages. Ils profitent aussi de leurs activités pour identifier les entreprises qui polluent leurs villes. </p>



<p>En 2018 et 2019, des milliers de personnes, partout dans le monde, se sont réunies pour réaliser des centaines d’audits de marques et dresser un palmarès des plus grands pollueurs de la planète, avec pour résultat un rapport sur les marques en <a href="https://www.breakfreefromplastic.org/globalbrandauditreport2018/">2018</a> et un autre en <a href="https://www.breakfreefromplastic.org/globalbrandauditreport2019/">2019</a>. En classant les emballages plastique par marque et en les comptant, les participants à ces opérations ont permis d’identifier les entreprises les plus pollueuses.</p>



<p>Vous avez envie de participer&nbsp;? La boîte à outils «&nbsp;<a href="https://www.breakfreefromplastic.org/brandaudittoolkit/">Break Free From Plastic&nbsp;» pour l’audit des entreprises </a>contient un guide qui vous expliquera les différentes étapes à mettre en œuvre pour organiser ce genre d’opération dans votre territoire, de la préparation initiale jusqu&rsquo;à la remise des données. Vous pourrez aussi savoir s’il y a déjà d’autres personnes engagées dans ce mouvement près de chez vous. Nous savons qu’elles seraient enchantées que vous leur donniez un coup de main&nbsp;! </p>
</div>



<div class="wp-block-column is-layout-flow wp-block-column-is-layout-flow">
<figure class="wp-block-image size-large  caption-style-blue-overlay caption-alignment-center"><img loading="lazy" decoding="async" width="1024" height="683" src="https://www.greenpeace.ch/static/planet4-switzerland-stateless/2019/12/455c6ad5-gp0stsfmp-1024x683.jpg" alt="" class="wp-image-40283" srcset="https://www.greenpeace.ch/static/planet4-switzerland-stateless/2019/12/455c6ad5-gp0stsfmp-1024x683.jpg 1024w, https://www.greenpeace.ch/static/planet4-switzerland-stateless/2019/12/455c6ad5-gp0stsfmp-300x200.jpg 300w, https://www.greenpeace.ch/static/planet4-switzerland-stateless/2019/12/455c6ad5-gp0stsfmp-768x512.jpg 768w, https://www.greenpeace.ch/static/planet4-switzerland-stateless/2019/12/455c6ad5-gp0stsfmp-510x340.jpg 510w, https://www.greenpeace.ch/static/planet4-switzerland-stateless/2019/12/455c6ad5-gp0stsfmp.jpg 1200w" sizes="auto, (max-width: 1024px) 100vw, 1024px" /><figcaption>Des bénévoles Greenpeace effectuent une vérification des incendies lors de la Journée internationale du nettoyage à la plage de Wonnapa, dans la province de Chonburi.</figcaption></figure>
</div>
</div>
<div data-render="planet4-blocks/columns" data-attributes="{&quot;attributes&quot;:{&quot;columns_block_style&quot;:&quot;image&quot;,&quot;columns_title&quot;:&quot;Plus de possibilit\u00e9s d\u2019action&quot;,&quot;columns&quot;:[{&quot;title&quot;:&quot;Tout savoir sur la pollution par le plastique&quot;,&quot;description&quot;:&quot;Le plastique pollue tous les coins de la terre. Que ce soit au fond de l\u2019oc\u00e9an, sur les sentiers forestiers isol\u00e9s, sur la glace arctique ou sur les plages des \u00eeles o\u00f9 nichent les tortues g\u00e9antes : les d\u00e9chets plastiques sont partout.&quot;,&quot;attachment&quot;:&quot;https:\/\/www.greenpeace.ch\/static\/planet4-switzerland-stateless\/2019\/10\/e12d38b9-gp0stqs0e-510x340.jpg&quot;,&quot;cta_link&quot;:&quot;https:\/\/www.greenpeace.ch\/fr\/agir\/pour-avenir-sans-plastique\/tout-savoir-pollution-plastique\/&quot;,&quot;link_new_tab&quot;:false,&quot;cta_text&quot;:&quot;Agir&quot;,&quot;attachment_srcset&quot;:&quot;https:\/\/www.greenpeace.ch\/static\/planet4-switzerland-stateless\/2019\/10\/e12d38b9-gp0stqs0e-510x340.jpg 510w, https:\/\/www.greenpeace.ch\/static\/planet4-switzerland-stateless\/2019\/10\/e12d38b9-gp0stqs0e-300x200.jpg 300w, https:\/\/www.greenpeace.ch\/static\/planet4-switzerland-stateless\/2019\/10\/e12d38b9-gp0stqs0e-1024x683.jpg 1024w, https:\/\/www.greenpeace.ch\/static\/planet4-switzerland-stateless\/2019\/10\/e12d38b9-gp0stqs0e-768x512.jpg 768w, https:\/\/www.greenpeace.ch\/static\/planet4-switzerland-stateless\/2019\/10\/e12d38b9-gp0stqs0e.jpg 1200w&quot;},{&quot;title&quot;:&quot;Organiser un \u00e9v\u00e9nement z\u00e9ro d\u00e9chets&quot;,&quot;description&quot;:&quot;Qu\u2019il s\u2019agisse d\u2019un d\u00eener, d\u2019un pique-nique en plein air ou d\u2019une r\u00e9union de grand groupe : se passer de plastique ne signifie pas se passer de plaisir. Au contraire : c\u2019est une invitation \u00e0 la cr\u00e9ativit\u00e9!&quot;,&quot;attachment&quot;:&quot;https:\/\/www.greenpeace.ch\/static\/planet4-switzerland-stateless\/2019\/10\/2cc46838-gp0sttm6m-510x340.jpg&quot;,&quot;cta_link&quot;:&quot;https:\/\/www.greenpeace.ch\/fr\/agir\/pour-avenir-sans-plastique\/evennement-zero-dechets\/&quot;,&quot;link_new_tab&quot;:false,&quot;cta_text&quot;:&quot;Agir&quot;,&quot;attachment_srcset&quot;:&quot;https:\/\/www.greenpeace.ch\/static\/planet4-switzerland-stateless\/2019\/10\/2cc46838-gp0sttm6m-510x340.jpg 510w, https:\/\/www.greenpeace.ch\/static\/planet4-switzerland-stateless\/2019\/10\/2cc46838-gp0sttm6m-300x200.jpg 300w, https:\/\/www.greenpeace.ch\/static\/planet4-switzerland-stateless\/2019\/10\/2cc46838-gp0sttm6m-1024x683.jpg 1024w, https:\/\/www.greenpeace.ch\/static\/planet4-switzerland-stateless\/2019\/10\/2cc46838-gp0sttm6m-768x512.jpg 768w, https:\/\/www.greenpeace.ch\/static\/planet4-switzerland-stateless\/2019\/10\/2cc46838-gp0sttm6m.jpg 1200w&quot;},{&quot;title&quot;:&quot;Misez sur les plats \u00e0 emporter&quot;,&quot;description&quot;:&quot;Relevez le d\u00e9fi des contenants r\u00e9utilisables et faites partie du mouvement qui change nos habitudes alimentaires ! Ainsi, le r\u00e9utilisable devient la voie normale.&quot;,&quot;attachment&quot;:&quot;https:\/\/www.greenpeace.ch\/static\/planet4-switzerland-stateless\/2019\/10\/adf7d427-gp0sttj65-510x340.jpg&quot;,&quot;cta_link&quot;:&quot;https:\/\/www.greenpeace.ch\/fr\/agir\/pour-avenir-sans-plastique\/misez-plats-emporter\/&quot;,&quot;link_new_tab&quot;:false,&quot;cta_text&quot;:&quot;Agir&quot;,&quot;attachment_srcset&quot;:&quot;https:\/\/www.greenpeace.ch\/static\/planet4-switzerland-stateless\/2019\/10\/adf7d427-gp0sttj65-510x340.jpg 510w, https:\/\/www.greenpeace.ch\/static\/planet4-switzerland-stateless\/2019\/10\/adf7d427-gp0sttj65-300x200.jpg 300w, https:\/\/www.greenpeace.ch\/static\/planet4-switzerland-stateless\/2019\/10\/adf7d427-gp0sttj65-1024x683.jpg 1024w, https:\/\/www.greenpeace.ch\/static\/planet4-switzerland-stateless\/2019\/10\/adf7d427-gp0sttj65-768x512.jpg 768w, https:\/\/www.greenpeace.ch\/static\/planet4-switzerland-stateless\/2019\/10\/adf7d427-gp0sttj65.jpg 1200w&quot;},{&quot;title&quot;:&quot;Invitez votre supermarch\u00e9 \u00e0 participer&quot;,&quot;description&quot;:&quot;Relevez le d\u00e9fi des contenants consign\u00e9s et faites partie du mouvement qui change nos habitudes d\u2019achat au supermarch\u00e9.&quot;,&quot;attachment&quot;:&quot;https:\/\/www.greenpeace.ch\/static\/planet4-switzerland-stateless\/2019\/12\/2565ae6e-gp0sttopv-510x340-510x340.jpg&quot;,&quot;cta_link&quot;:&quot;https:\/\/www.greenpeace.ch\/fr\/agir\/pour-avenir-sans-plastique\/invitez-supermarche-participer\/&quot;,&quot;cta_text&quot;:&quot;Agir&quot;,&quot;link_new_tab&quot;:true,&quot;attachment_srcset&quot;:&quot;https:\/\/www.greenpeace.ch\/static\/planet4-switzerland-stateless\/2019\/12\/2565ae6e-gp0sttopv-510x340.jpg 510w, https:\/\/www.greenpeace.ch\/static\/planet4-switzerland-stateless\/2019\/12\/2565ae6e-gp0sttopv-510x340-300x200.jpg 300w&quot;}]}}"></div><div data-render="planet4-blocks/columns" data-attributes="{&quot;attributes&quot;:{&quot;columns_block_style&quot;:&quot;image&quot;,&quot;columns&quot;:[{&quot;title&quot;:&quot;&quot;,&quot;description&quot;:&quot;&quot;,&quot;attachment&quot;:0,&quot;cta_link&quot;:&quot;\/international\/campaign\/challenge-local-supermarkets\/&quot;,&quot;link_new_tab&quot;:false,&quot;cta_text&quot;:&quot;&quot;},{&quot;title&quot;:&quot;&quot;,&quot;description&quot;:&quot;&quot;,&quot;attachment&quot;:0,&quot;cta_link&quot;:&quot;\/international\/campaign\/single-use-ban-in-your-community\/&quot;,&quot;link_new_tab&quot;:false,&quot;cta_text&quot;:&quot;&quot;},{&quot;title&quot;:&quot;&quot;,&quot;link_new_tab&quot;:false,&quot;description&quot;:&quot;&quot;,&quot;attachment&quot;:0,&quot;cta_text&quot;:&quot;&quot;,&quot;cta_link&quot;:&quot;\/international\/campaign\/tools-for-teachers\/&quot;}]}}"></div>

<p>Le projet de science citoyenne qui recense les pires pollueurs par le plastique, vous connaissez&nbsp;? Le travail effectué par l&rsquo;homme de la rue change réellement les choses, et les médias comme Forbes, le Philippine Daily Inquirer, Vice et beaucoup d’autres en ont pris acte&nbsp;! Les militants de la science citoyenne ne s’occupent pas seulement de [&hellip;]</p>
