{"id":71129,"date":"2021-08-12T08:43:14","date_gmt":"2021-08-12T06:43:14","guid":{"rendered":"https:\/\/www.greenpeace.ch\/?page_id=71129"},"modified":"2025-06-25T14:34:07","modified_gmt":"2025-06-25T12:34:07","slug":"50-ans-espoir","status":"publish","type":"page","link":"https:\/\/www.greenpeace.ch\/fr\/50-ans-espoir\/","title":{"rendered":"50 ans d&rsquo;espoir"},"content":{"rendered":"\n                \n                <div class=\"wp-block-group alignfull is-layout-flow wp-block-group-is-layout-flow\">\n                \n                <div class=\"wp-block-group container is-layout-flow wp-block-group-is-layout-flow\">\n                \n                <div class=\"wp-block-media-text alignfull has-media-on-the-right is-stacked-on-mobile is-pattern-p4-page-header is-style-parallax\">\n\n                <div class=\"wp-block-media-text__content\">\n                    <div class=\"wp-block-group is-layout-flow wp-block-group-is-layout-flow\">\n                    \n                        <h1 class=\"wp-block-heading has-white-background-color has-background\">\n                            50 ans d&#8217;espoir\n                        <\/h1>\n                    <\/div>\n                \n\n                \n\n                \n\n                <\/div>\n                <figure class=\"wp-block-media-text__media\">\n                    <img loading=\"lazy\" decoding=\"async\" width=\"795\" height=\"529\"\n                        src=\"https:\/\/www.greenpeace.ch\/static\/planet4-switzerland-stateless\/2021\/09\/04aee9c6-capture-de\u0301cran-2021-09-16-a\u0300-15.17.48.png\"\n                        alt=\"\"\n                        sizes=\"auto, (min-width: 601px) 50vw, 100vw\" srcset=\"https:\/\/www.greenpeace.ch\/static\/planet4-switzerland-stateless\/2021\/09\/04aee9c6-capture-de\u0301cran-2021-09-16-a\u0300-15.17.48.png 795w, https:\/\/www.greenpeace.ch\/static\/planet4-switzerland-stateless\/2021\/09\/04aee9c6-capture-de\u0301cran-2021-09-16-a\u0300-15.17.48-300x200.png 300w, https:\/\/www.greenpeace.ch\/static\/planet4-switzerland-stateless\/2021\/09\/04aee9c6-capture-de\u0301cran-2021-09-16-a\u0300-15.17.48-768x511.png 768w, https:\/\/www.greenpeace.ch\/static\/planet4-switzerland-stateless\/2021\/09\/04aee9c6-capture-de\u0301cran-2021-09-16-a\u0300-15.17.48-510x340.png 510w\" class=\"wp-image-74070 size-full\"\n                    \/>\n                <\/figure>\n                <\/div>\n                \n                <\/div>\n                \n                <\/div>\n                \n                \n<p>Le premier groupe de militants Greenpeace a plant\u00e9 une graine qui est aujourd&rsquo;hui devenue une organisation pr\u00e9sente dans plus de 50 pays. Avec des centaines de millions de supporters, nous faisons partie d&rsquo;un mouvement mondial qui se bat pour garantir un avenir vert et pacifique pour nous tous.<\/p>\n\n<p>Au fil du temps, l&rsquo;espoir et l&rsquo;esprit d&rsquo;initiative qui ont inspir\u00e9 ce premier voyage de Greenpeace ont pris de nombreuses formes, qu&rsquo;il s&rsquo;agisse de fournir de l&rsquo;aide en Amazonie et dans le Pacifique, de lutter contre les incendies en Russie, de d\u00e9noncer les pratiques de p\u00eache ill\u00e9gales en Afrique de l&rsquo;Ouest ou de travailler \u00e0 la r\u00e9duction des \u00e9missions dans le monde entier.<\/p>\n\n<p>Dans la visualisation ci-dessous, vous pouvez en savoir plus sur les succ\u00e8s obtenus par Greenpeace qui, depuis un demi-si\u00e8cle, est \u00e0 la pointe du combat pour la plan\u00e8te dans le monde entier. Ce sont ces victoires qui nous permettront de continuer \u00e0 nous battre aussi longtemps qu&rsquo;on aura besoin de nous.<\/p>\n\n<iframe loading=\"lazy\" src=\"https:\/\/maps.greenpeace.org\/maps\/gpint\/50th_timeline\/?lang=fr\" width=\"100%\" height=\"600\"><\/iframe>\n","protected":false},"excerpt":{"rendered":"<p>Le premier groupe de militants Greenpeace a plant\u00e9 une graine qui est aujourd&rsquo;hui devenue une organisation pr\u00e9sente dans plus de 50 pays. Avec des centaines de millions de supporters, nous faisons partie d&rsquo;un mouvement mondial qui se bat pour garantir un avenir vert et pacifique pour nous tous. Au fil du temps, l&rsquo;espoir et l&rsquo;esprit [&hellip;]<\/p>\n","protected":false},"author":89,"featured_media":74070,"parent":0,"menu_order":0,"comment_status":"closed","ping_status":"closed","template":"","meta":{"_acf_changed":false,"_planet4_optimize_post_is_variant":false,"_planet4_optimize_experiment_name":"","_planet4_optimize_variant_name":"","ep_exclude_from_search":false,"p4_hide_page_title_checkbox":"on","p4_title":"","p4_subtitle":"","p4_description":"","background_image_id":"","background_image":"","p4_button_title":"","p4_button_link":"","p4_button_link_checkbox":"","p4_og_title":"","p4_og_description":"","p4_og_image":"","p4_og_image_id":"","p4_seo_canonical_url":"","p4_campaign_name":"not set","p4_local_project":"not set","p4_basket_name":"not set","p4_department":"","footnotes":""},"categories":[],"tags":[],"class_list":["post-71129","page","type-page","status-publish","has-post-thumbnail","hentry"],"acf":[],"_links":{"self":[{"href":"https:\/\/www.greenpeace.ch\/fr\/wp-json\/wp\/v2\/pages\/71129","targetHints":{"allow":["GET"]}}],"collection":[{"href":"https:\/\/www.greenpeace.ch\/fr\/wp-json\/wp\/v2\/pages"}],"about":[{"href":"https:\/\/www.greenpeace.ch\/fr\/wp-json\/wp\/v2\/types\/page"}],"author":[{"embeddable":true,"href":"https:\/\/www.greenpeace.ch\/fr\/wp-json\/wp\/v2\/users\/89"}],"replies":[{"embeddable":true,"href":"https:\/\/www.greenpeace.ch\/fr\/wp-json\/wp\/v2\/comments?post=71129"}],"version-history":[{"count":2,"href":"https:\/\/www.greenpeace.ch\/fr\/wp-json\/wp\/v2\/pages\/71129\/revisions"}],"predecessor-version":[{"id":121352,"href":"https:\/\/www.greenpeace.ch\/fr\/wp-json\/wp\/v2\/pages\/71129\/revisions\/121352"}],"wp:featuredmedia":[{"embeddable":true,"href":"https:\/\/www.greenpeace.ch\/fr\/wp-json\/wp\/v2\/media\/74070"}],"wp:attachment":[{"href":"https:\/\/www.greenpeace.ch\/fr\/wp-json\/wp\/v2\/media?parent=71129"}],"wp:term":[{"taxonomy":"category","embeddable":true,"href":"https:\/\/www.greenpeace.ch\/fr\/wp-json\/wp\/v2\/categories?post=71129"},{"taxonomy":"post_tag","embeddable":true,"href":"https:\/\/www.greenpeace.ch\/fr\/wp-json\/wp\/v2\/tags?post=71129"}],"curies":[{"name":"wp","href":"https:\/\/api.w.org\/{rel}","templated":true}]}}

<div class="wp-block-group alignfull is-layout-flow wp-block-group-is-layout-flow">
                
                <div class="wp-block-group container is-layout-flow wp-block-group-is-layout-flow">
                
                <div class="wp-block-media-text alignfull has-media-on-the-right is-stacked-on-mobile is-pattern-p4-page-header is-style-parallax">

                <div class="wp-block-media-text__content">
                    <div class="wp-block-group is-layout-flow wp-block-group-is-layout-flow">
                    
                        <h1 class="wp-block-heading has-white-background-color has-background">
                            50 ans d&#8217;espoir
                        </h1>
                    </div>
                

                

                

                </div>
                <figure class="wp-block-media-text__media">
                    <img loading="lazy" decoding="async" width="795" height="529"
                        src="https://www.greenpeace.ch/static/planet4-switzerland-stateless/2021/09/04aee9c6-capture-décran-2021-09-16-à-15.17.48.png"
                        alt=""
                        sizes="auto, (min-width: 601px) 50vw, 100vw" srcset="https://www.greenpeace.ch/static/planet4-switzerland-stateless/2021/09/04aee9c6-capture-décran-2021-09-16-à-15.17.48.png 795w, https://www.greenpeace.ch/static/planet4-switzerland-stateless/2021/09/04aee9c6-capture-décran-2021-09-16-à-15.17.48-300x200.png 300w, https://www.greenpeace.ch/static/planet4-switzerland-stateless/2021/09/04aee9c6-capture-décran-2021-09-16-à-15.17.48-768x511.png 768w, https://www.greenpeace.ch/static/planet4-switzerland-stateless/2021/09/04aee9c6-capture-décran-2021-09-16-à-15.17.48-510x340.png 510w" class="wp-image-74070 size-full"
                    />
                </figure>
                </div>
                
                </div>
                
                </div>
                
                
<p>Le premier groupe de militants Greenpeace a planté une graine qui est aujourd&rsquo;hui devenue une organisation présente dans plus de 50 pays. Avec des centaines de millions de supporters, nous faisons partie d&rsquo;un mouvement mondial qui se bat pour garantir un avenir vert et pacifique pour nous tous.</p>

<p>Au fil du temps, l&rsquo;espoir et l&rsquo;esprit d&rsquo;initiative qui ont inspiré ce premier voyage de Greenpeace ont pris de nombreuses formes, qu&rsquo;il s&rsquo;agisse de fournir de l&rsquo;aide en Amazonie et dans le Pacifique, de lutter contre les incendies en Russie, de dénoncer les pratiques de pêche illégales en Afrique de l&rsquo;Ouest ou de travailler à la réduction des émissions dans le monde entier.</p>

<p>Dans la visualisation ci-dessous, vous pouvez en savoir plus sur les succès obtenus par Greenpeace qui, depuis un demi-siècle, est à la pointe du combat pour la planète dans le monde entier. Ce sont ces victoires qui nous permettront de continuer à nous battre aussi longtemps qu&rsquo;on aura besoin de nous.</p>

<iframe loading="lazy" src="https://maps.greenpeace.org/maps/gpint/50th_timeline/?lang=fr" width="100%" height="600"></iframe>

<p>Le premier groupe de militants Greenpeace a planté une graine qui est aujourd&rsquo;hui devenue une organisation présente dans plus de 50 pays. Avec des centaines de millions de supporters, nous faisons partie d&rsquo;un mouvement mondial qui se bat pour garantir un avenir vert et pacifique pour nous tous. Au fil du temps, l&rsquo;espoir et l&rsquo;esprit [&hellip;]</p>
